{"id":755,"date":"2025-07-23T12:53:48","date_gmt":"2025-07-23T12:53:48","guid":{"rendered":"https:\/\/rj-experience.com\/?page_id=755"},"modified":"2026-01-01T16:09:37","modified_gmt":"2026-01-01T16:09:37","slug":"ouranosaurus","status":"publish","type":"page","link":"https:\/\/rj-experience.com\/index.php\/ouranosaurus\/","title":{"rendered":"Ouranosaurus"},"content":{"rendered":"\t\t<div data-elementor-type=\"wp-page\" data-elementor-id=\"755\" class=\"elementor elementor-755\">\n\t\t\t\t<div class=\"elementor-element elementor-element-4559ad4 e-flex e-con-boxed e-con e-parent\" data-id=\"4559ad4\" data-element_type=\"container\">\n\t\t\t\t\t<div class=\"e-con-inner\">\n\t\t\t\t<div class=\"elementor-element elementor-element-5bbb0a8 elementor-widget elementor-widget-text-editor\" data-id=\"5bbb0a8\" data-element_type=\"widget\" data-widget_type=\"text-editor.default\">\n\t\t\t\t\t\t\t\t\t<h1>\u00a0 \u00a0 \u00a0 \u00a0 \u00a0 \u00a0 \u00a0 \u00a0 \u00a0 \u00a0 \u00a0 \u00a0 \u00a0 \u00a0 \u00a0 Ouranosaurus<\/h1><p style=\"font-weight: 400;\">1.Qui a d\u00e9couvert l\u2019Ouranosaurus\u00a0?<\/p><p>Il a \u00e9t\u00e9 d\u00e9couvert par le pal\u00e9ontologue <strong data-start=\"199\" data-end=\"218\">Philippe Taquet<\/strong>, un scientifique fran\u00e7ais.<\/p><p style=\"font-weight: 400;\">2.Ou \u00e0 t\u2019il trouver le fossile de ce reptile?<\/p><p>Au <strong data-start=\"306\" data-end=\"315\">Niger<\/strong>, en Afrique, dans la r\u00e9gion de <strong data-start=\"347\" data-end=\"361\">Gadoufaoua<\/strong>, dans le d\u00e9sert du Sahara.<\/p><p style=\"font-weight: 400;\">3.Quand il a trouve le premier os de ce reptile?<\/p><p>Les premiers os ont \u00e9t\u00e9 d\u00e9couverts <strong data-start=\"487\" data-end=\"511\">dans les ann\u00e9es 1960<\/strong> (vers 1965).<\/p><p style=\"font-weight: 400;\">4.Il est carnivore ou herbivore?<\/p><p><strong data-start=\"570\" data-end=\"583\">Herbivore<\/strong> \ud83c\udf3f (il mangeait des plantes).<\/p><p style=\"font-weight: 400;\">5.Combien fait sa taille?<\/p><p>Environ <strong data-start=\"660\" data-end=\"684\">7 \u00e0 8 m\u00e8tres de long<\/strong><\/p><p style=\"font-weight: 400;\">6.Combien p\u00e8se son poids ?<\/p><p>Environ <strong data-start=\"732\" data-end=\"748\">3 \u00e0 4 tonnes<\/strong>.<\/p><p style=\"font-weight: 400;\">7.L\u2019Ouranosaurus vient du cr\u00e9tac\u00e9,du tria ou du jurassique ?<\/p><p data-start=\"751\" data-end=\"868\">Il vient du <strong data-start=\"836\" data-end=\"847\">Cr\u00e9tac\u00e9<\/strong> (Cr\u00e9tac\u00e9 inf\u00e9rieur).<\/p><p style=\"font-weight: 400;\">8.Comment fait la taille de l\u2019Ouranosaurus ?<\/p><p>Environ <strong data-start=\"932\" data-end=\"956\">3 \u00e0 4 m\u00e8tres de haut<\/strong>, avec une grande <strong data-start=\"974\" data-end=\"991\">voile dorsale<\/strong> sur le dos.<\/p><p style=\"font-weight: 400;\">9.De quelle famille appartient l\u2019Ouranosaurus ?<\/p><p>Il appartient \u00e0 la famille des <strong data-start=\"1094\" data-end=\"1112\">Iguanodontid\u00e9s<\/strong>.<\/p><p style=\"font-weight: 400;\">10.Combien \u00e0 v\u00e9cu l&#8217;Ouranosaure ?<\/p><p>On ne le sait pas exactement, mais on estime <strong data-start=\"1205\" data-end=\"1220\">20 \u00e0 30 ans<\/strong>.<\/p><p style=\"font-weight: 400;\">11.Combien fait la taille de ces dents ?<\/p><p>Ses dents faisaient seulement <strong data-start=\"1304\" data-end=\"1328\">quelques centim\u00e8tres<\/strong>, plates et adapt\u00e9es pour broyer les plantes.<\/p><p style=\"font-weight: 400;\">12.Quel est sont nom scientifique ?<\/p><p>Ouranosaurus nigeriensis<\/p><p style=\"font-weight: 400;\">13.Combien p\u00e8se son cerveau?<\/p><p data-start=\"1450\" data-end=\"1550\">Son cerveau \u00e9tait tr\u00e8s petit, environ <strong data-start=\"1528\" data-end=\"1549\">100 \u00e0 200 grammes<\/strong>.<\/p><p style=\"font-weight: 400;\">14.Il vit seul ou en troupeau?<\/p><p data-start=\"1552\" data-end=\"1665\">l vivait <strong data-start=\"1607\" data-end=\"1635\">probablement en troupeau<\/strong>, comme beaucoup d\u2019herbivores..<\/p><p style=\"font-weight: 400;\">15.Qui est son premier os qui a \u00e9t\u00e9 trouv\u00e9?<\/p><p>Les premiers fossiles retrouv\u00e9s \u00e9taient surtout des <strong data-start=\"1774\" data-end=\"1804\">vert\u00e8bres et des os du dos<\/strong>.<\/p><p style=\"font-weight: 400;\">16.Quand il le nomme ?<\/p><p data-start=\"1807\" data-end=\"1887\">Il a \u00e9t\u00e9 officiellement nomm\u00e9 en <strong data-start=\"1878\" data-end=\"1886\">1976<\/strong>.<\/p><p style=\"font-weight: 400;\">17.Combien il a de dents?<\/p><p data-start=\"1889\" data-end=\"2017\">Il poss\u00e9dait <strong data-start=\"1941\" data-end=\"1973\">plusieurs centaines de dents<\/strong>, organis\u00e9es en rang\u00e9es (batterie dentaire).<\/p><p style=\"font-weight: 400;\">18.Quels sont les autres dinosaures qui vivaient \u00e0 cette \u00e9poque?<\/p><p data-start=\"2019\" data-end=\"2110\">Par exemple :<\/p><ul data-start=\"2111\" data-end=\"2205\"><li data-start=\"2111\" data-end=\"2130\"><p data-start=\"2113\" data-end=\"2130\"><strong data-start=\"2113\" data-end=\"2128\">Lurdusaurus<\/strong><\/p><\/li><li data-start=\"2131\" data-end=\"2152\"><p data-start=\"2133\" data-end=\"2152\"><strong data-start=\"2133\" data-end=\"2150\">Elrhazosaurus<\/strong><\/p><\/li><li data-start=\"2153\" data-end=\"2205\"><p data-start=\"2155\" data-end=\"2205\"><strong data-start=\"2155\" data-end=\"2170\">Sarcosuchus<\/strong> (un grand crocodile pr\u00e9historique)<\/p><\/li><\/ul><h1 style=\"font-weight: 400;\">\u00a0<\/h1><p>.<\/p>\t\t\t\t\t\t\t\t<\/div>\n\t\t\t\t\t<\/div>\n\t\t\t\t<\/div>\n\t\t\t\t<\/div>\n\t\t","protected":false},"excerpt":{"rendered":"<p>\u00a0 \u00a0 \u00a0 \u00a0 \u00a0 \u00a0 \u00a0 \u00a0 \u00a0 \u00a0 \u00a0 \u00a0 \u00a0 \u00a0 \u00a0 Ouranosaurus 1.Qui a d\u00e9couvert l\u2019Ouranosaurus\u00a0? Il a \u00e9t\u00e9 d\u00e9couvert par le pal\u00e9ontologue Philippe Taquet, un scientifique fran\u00e7ais. 2.Ou \u00e0 t\u2019il trouver le fossile de ce reptile? Au Niger, en Afrique, dans la r\u00e9gion de Gadoufaoua, dans le d\u00e9sert du Sahara. [&hellip;]<\/p>\n","protected":false},"author":1,"featured_media":0,"parent":0,"menu_order":0,"comment_status":"closed","ping_status":"closed","template":"","meta":{"footnotes":""},"class_list":["post-755","page","type-page","status-publish","hentry"],"yoast_head":"<!-- This site is optimized with the Yoast SEO plugin v26.2 - https:\/\/yoast.com\/wordpress\/plugins\/seo\/ -->\n<title>Ouranosaurus - RJ Exp\u00e9rience<\/title>\n<meta name=\"robots\" content=\"index, follow, max-snippet:-1, max-image-preview:large, max-video-preview:-1\" \/>\n<link rel=\"canonical\" href=\"https:\/\/rj-experience.com\/index.php\/ouranosaurus\/\" \/>\n<meta property=\"og:locale\" content=\"en_US\" \/>\n<meta property=\"og:type\" content=\"article\" \/>\n<meta property=\"og:title\" content=\"Ouranosaurus - RJ Exp\u00e9rience\" \/>\n<meta property=\"og:description\" content=\"\u00a0 \u00a0 \u00a0 \u00a0 \u00a0 \u00a0 \u00a0 \u00a0 \u00a0 \u00a0 \u00a0 \u00a0 \u00a0 \u00a0 \u00a0 Ouranosaurus 1.Qui a d\u00e9couvert l\u2019Ouranosaurus\u00a0? Il a \u00e9t\u00e9 d\u00e9couvert par le pal\u00e9ontologue Philippe Taquet, un scientifique fran\u00e7ais. 2.Ou \u00e0 t\u2019il trouver le fossile de ce reptile? Au Niger, en Afrique, dans la r\u00e9gion de Gadoufaoua, dans le d\u00e9sert du Sahara. [&hellip;]\" \/>\n<meta property=\"og:url\" content=\"https:\/\/rj-experience.com\/index.php\/ouranosaurus\/\" \/>\n<meta property=\"og:site_name\" content=\"RJ Exp\u00e9rience\" \/>\n<meta property=\"article:modified_time\" content=\"2026-01-01T16:09:37+00:00\" \/>\n<meta name=\"twitter:card\" content=\"summary_large_image\" \/>\n<meta name=\"twitter:label1\" content=\"Est. reading time\" \/>\n\t<meta name=\"twitter:data1\" content=\"2 minutes\" \/>\n<script type=\"application\/ld+json\" class=\"yoast-schema-graph\">{\"@context\":\"https:\/\/schema.org\",\"@graph\":[{\"@type\":\"WebPage\",\"@id\":\"https:\/\/rj-experience.com\/index.php\/ouranosaurus\/\",\"url\":\"https:\/\/rj-experience.com\/index.php\/ouranosaurus\/\",\"name\":\"Ouranosaurus - RJ Exp\u00e9rience\",\"isPartOf\":{\"@id\":\"https:\/\/rj-experience.com\/#website\"},\"datePublished\":\"2025-07-23T12:53:48+00:00\",\"dateModified\":\"2026-01-01T16:09:37+00:00\",\"breadcrumb\":{\"@id\":\"https:\/\/rj-experience.com\/index.php\/ouranosaurus\/#breadcrumb\"},\"inLanguage\":\"en-US\",\"potentialAction\":[{\"@type\":\"ReadAction\",\"target\":[\"https:\/\/rj-experience.com\/index.php\/ouranosaurus\/\"]}]},{\"@type\":\"BreadcrumbList\",\"@id\":\"https:\/\/rj-experience.com\/index.php\/ouranosaurus\/#breadcrumb\",\"itemListElement\":[{\"@type\":\"ListItem\",\"position\":1,\"name\":\"Home\",\"item\":\"https:\/\/rj-experience.com\/\"},{\"@type\":\"ListItem\",\"position\":2,\"name\":\"Ouranosaurus\"}]},{\"@type\":\"WebSite\",\"@id\":\"https:\/\/rj-experience.com\/#website\",\"url\":\"https:\/\/rj-experience.com\/\",\"name\":\"RJ Exp\u00e9rience\",\"description\":\"\",\"publisher\":{\"@id\":\"https:\/\/rj-experience.com\/#organization\"},\"potentialAction\":[{\"@type\":\"SearchAction\",\"target\":{\"@type\":\"EntryPoint\",\"urlTemplate\":\"https:\/\/rj-experience.com\/?s={search_term_string}\"},\"query-input\":{\"@type\":\"PropertyValueSpecification\",\"valueRequired\":true,\"valueName\":\"search_term_string\"}}],\"inLanguage\":\"en-US\"},{\"@type\":\"Organization\",\"@id\":\"https:\/\/rj-experience.com\/#organization\",\"name\":\"RJ Exp\u00e9rience\",\"url\":\"https:\/\/rj-experience.com\/\",\"logo\":{\"@type\":\"ImageObject\",\"inLanguage\":\"en-US\",\"@id\":\"https:\/\/rj-experience.com\/#\/schema\/logo\/image\/\",\"url\":\"https:\/\/rj-experience.com\/wp-content\/uploads\/2025\/10\/cropped-ChatGPT-Image-28-oct.-2025-18_28_26.png\",\"contentUrl\":\"https:\/\/rj-experience.com\/wp-content\/uploads\/2025\/10\/cropped-ChatGPT-Image-28-oct.-2025-18_28_26.png\",\"width\":512,\"height\":512,\"caption\":\"RJ Exp\u00e9rience\"},\"image\":{\"@id\":\"https:\/\/rj-experience.com\/#\/schema\/logo\/image\/\"}}]}<\/script>\n<!-- \/ Yoast SEO plugin. -->","yoast_head_json":{"title":"Ouranosaurus - RJ Exp\u00e9rience","robots":{"index":"index","follow":"follow","max-snippet":"max-snippet:-1","max-image-preview":"max-image-preview:large","max-video-preview":"max-video-preview:-1"},"canonical":"https:\/\/rj-experience.com\/index.php\/ouranosaurus\/","og_locale":"en_US","og_type":"article","og_title":"Ouranosaurus - RJ Exp\u00e9rience","og_description":"\u00a0 \u00a0 \u00a0 \u00a0 \u00a0 \u00a0 \u00a0 \u00a0 \u00a0 \u00a0 \u00a0 \u00a0 \u00a0 \u00a0 \u00a0 Ouranosaurus 1.Qui a d\u00e9couvert l\u2019Ouranosaurus\u00a0? Il a \u00e9t\u00e9 d\u00e9couvert par le pal\u00e9ontologue Philippe Taquet, un scientifique fran\u00e7ais. 2.Ou \u00e0 t\u2019il trouver le fossile de ce reptile? Au Niger, en Afrique, dans la r\u00e9gion de Gadoufaoua, dans le d\u00e9sert du Sahara. [&hellip;]","og_url":"https:\/\/rj-experience.com\/index.php\/ouranosaurus\/","og_site_name":"RJ Exp\u00e9rience","article_modified_time":"2026-01-01T16:09:37+00:00","twitter_card":"summary_large_image","twitter_misc":{"Est. reading time":"2 minutes"},"schema":{"@context":"https:\/\/schema.org","@graph":[{"@type":"WebPage","@id":"https:\/\/rj-experience.com\/index.php\/ouranosaurus\/","url":"https:\/\/rj-experience.com\/index.php\/ouranosaurus\/","name":"Ouranosaurus - RJ Exp\u00e9rience","isPartOf":{"@id":"https:\/\/rj-experience.com\/#website"},"datePublished":"2025-07-23T12:53:48+00:00","dateModified":"2026-01-01T16:09:37+00:00","breadcrumb":{"@id":"https:\/\/rj-experience.com\/index.php\/ouranosaurus\/#breadcrumb"},"inLanguage":"en-US","potentialAction":[{"@type":"ReadAction","target":["https:\/\/rj-experience.com\/index.php\/ouranosaurus\/"]}]},{"@type":"BreadcrumbList","@id":"https:\/\/rj-experience.com\/index.php\/ouranosaurus\/#breadcrumb","itemListElement":[{"@type":"ListItem","position":1,"name":"Home","item":"https:\/\/rj-experience.com\/"},{"@type":"ListItem","position":2,"name":"Ouranosaurus"}]},{"@type":"WebSite","@id":"https:\/\/rj-experience.com\/#website","url":"https:\/\/rj-experience.com\/","name":"RJ Exp\u00e9rience","description":"","publisher":{"@id":"https:\/\/rj-experience.com\/#organization"},"potentialAction":[{"@type":"SearchAction","target":{"@type":"EntryPoint","urlTemplate":"https:\/\/rj-experience.com\/?s={search_term_string}"},"query-input":{"@type":"PropertyValueSpecification","valueRequired":true,"valueName":"search_term_string"}}],"inLanguage":"en-US"},{"@type":"Organization","@id":"https:\/\/rj-experience.com\/#organization","name":"RJ Exp\u00e9rience","url":"https:\/\/rj-experience.com\/","logo":{"@type":"ImageObject","inLanguage":"en-US","@id":"https:\/\/rj-experience.com\/#\/schema\/logo\/image\/","url":"https:\/\/rj-experience.com\/wp-content\/uploads\/2025\/10\/cropped-ChatGPT-Image-28-oct.-2025-18_28_26.png","contentUrl":"https:\/\/rj-experience.com\/wp-content\/uploads\/2025\/10\/cropped-ChatGPT-Image-28-oct.-2025-18_28_26.png","width":512,"height":512,"caption":"RJ Exp\u00e9rience"},"image":{"@id":"https:\/\/rj-experience.com\/#\/schema\/logo\/image\/"}}]}},"_links":{"self":[{"href":"https:\/\/rj-experience.com\/index.php\/wp-json\/wp\/v2\/pages\/755","targetHints":{"allow":["GET"]}}],"collection":[{"href":"https:\/\/rj-experience.com\/index.php\/wp-json\/wp\/v2\/pages"}],"about":[{"href":"https:\/\/rj-experience.com\/index.php\/wp-json\/wp\/v2\/types\/page"}],"author":[{"embeddable":true,"href":"https:\/\/rj-experience.com\/index.php\/wp-json\/wp\/v2\/users\/1"}],"replies":[{"embeddable":true,"href":"https:\/\/rj-experience.com\/index.php\/wp-json\/wp\/v2\/comments?post=755"}],"version-history":[{"count":4,"href":"https:\/\/rj-experience.com\/index.php\/wp-json\/wp\/v2\/pages\/755\/revisions"}],"predecessor-version":[{"id":1732,"href":"https:\/\/rj-experience.com\/index.php\/wp-json\/wp\/v2\/pages\/755\/revisions\/1732"}],"wp:attachment":[{"href":"https:\/\/rj-experience.com\/index.php\/wp-json\/wp\/v2\/media?parent=755"}],"curies":[{"name":"wp","href":"https:\/\/api.w.org\/{rel}","templated":true}]}}