{"id":546,"date":"2025-07-22T20:49:10","date_gmt":"2025-07-22T20:49:10","guid":{"rendered":"https:\/\/rj-experience.com\/?page_id=546"},"modified":"2026-01-05T16:28:08","modified_gmt":"2026-01-05T16:28:08","slug":"dreadnoughtus","status":"publish","type":"page","link":"https:\/\/rj-experience.com\/index.php\/dreadnoughtus\/","title":{"rendered":"Dreadnoughtus"},"content":{"rendered":"\t\t<div data-elementor-type=\"wp-page\" data-elementor-id=\"546\" class=\"elementor elementor-546\">\n\t\t\t\t<div class=\"elementor-element elementor-element-e7b49c3 e-flex e-con-boxed e-con e-parent\" data-id=\"e7b49c3\" data-element_type=\"container\">\n\t\t\t\t\t<div class=\"e-con-inner\">\n\t\t\t\t<div class=\"elementor-element elementor-element-b5582dd elementor-widget elementor-widget-text-editor\" data-id=\"b5582dd\" data-element_type=\"widget\" data-widget_type=\"text-editor.default\">\n\t\t\t\t\t\t\t\t\t<h1><b>\u00a0 \u00a0 \u00a0 \u00a0 \u00a0 \u00a0 \u00a0 \u00a0 \u00a0 \u00a0 \u00a0 \u00a0 \u00a0 \u00a0 \u00a0 \u00a0Dreadnoughtus<\/b><\/h1><p>1.Qui a d\u00e9couvert\u00a0le\u00a0Dreadnoughtus?<\/p><p>Il a \u00e9t\u00e9 d\u00e9couvert par le pal\u00e9ontologue <strong data-start=\"213\" data-end=\"233\">Kenneth Lacovara<\/strong> et son \u00e9quipe.<\/p><p>2.Ou \u00e0 t\u2019il trouver le fossile de ce reptile?<\/p><p data-start=\"250\" data-end=\"359\">En <strong data-start=\"309\" data-end=\"322\">Argentine<\/strong>, en <strong data-start=\"327\" data-end=\"340\">Patagonie<\/strong> (Am\u00e9rique du Sud).<\/p><p>3.Quand il a trouve le premier os de ce reptile?<\/p><p>Les fossiles ont \u00e9t\u00e9 d\u00e9couverts entre <strong data-start=\"461\" data-end=\"477\">2005 et 2009<\/strong>.<\/p><p>4.Il est carnivore ou herbivore?<\/p><p><strong data-start=\"524\" data-end=\"537\">Herbivore<\/strong> \ud83c\udf3f<\/p><p>5.Combien fait sa taille?<\/p><p>Environ <strong data-start=\"587\" data-end=\"608\">26 m\u00e8tres de long<\/strong>.<\/p><p>6.Combien p\u00e8se son poids ?<\/p><p>Environ <strong data-start=\"656\" data-end=\"669\">59 tonnes<\/strong> (59 000 kg).<\/p><p>7.le\u00a0Dreadnoughtus\u00a0vient du cr\u00e9tac\u00e9,du tria ou du jurassique ?<\/p><p>Du <strong data-start=\"762\" data-end=\"783\">Cr\u00e9tac\u00e9 sup\u00e9rieur<\/strong>.<\/p><p>8.Comment fait la taille du\u00a0Dreadnoughtus?<\/p><p data-start=\"786\" data-end=\"909\"><strong data-start=\"841\" data-end=\"870\">Tr\u00e8s grand et tr\u00e8s massif<\/strong>, avec un long cou et une longue queue.<\/p><p>9.De quelle famille appartient\u00a0le\u00a0Dreadnoughtus\u00a0?<\/p><p>La famille des <strong data-start=\"986\" data-end=\"1004\">Titanosaurid\u00e9s<\/strong> (Titanosaures).<\/p><p>10.Combien \u00e0 v\u00e9cu le\u00a0\u00a0Dreadnoughtus ?<\/p><p data-start=\"1022\" data-end=\"1179\">On estime qu\u2019il pouvait vivre <strong data-start=\"1108\" data-end=\"1139\">plusieurs dizaines d\u2019ann\u00e9es<\/strong> (environ <strong data-start=\"1149\" data-end=\"1165\">70 \u00e0 100 ans<\/strong>, estimation).<\/p><p>11.Combien fait la taille de ces dents ?<\/p><p>De <strong data-start=\"1235\" data-end=\"1271\">petites dents en forme de crayon<\/strong>, adapt\u00e9es pour manger des plantes.<\/p><p>12.Quel est sont nom scientifique ?<\/p><p data-start=\"1308\" data-end=\"1378\"><strong data-start=\"1353\" data-end=\"1378\">Dreadnoughtus schrani<\/strong><\/p><p>13.Combien p\u00e8se son cerveau?<\/p><p>Tr\u00e8s petit par rapport \u00e0 son corps, <strong data-start=\"1456\" data-end=\"1489\">quelques centaines de grammes<\/strong> seulement (estimation).<\/p><p>14.Il vit seul ou en troupeau?<\/p><p>Probablement <strong data-start=\"1573\" data-end=\"1588\">en troupeau<\/strong>, comme beaucoup de grands herbivores.<\/p><p>15.Qui est son premier os qui a \u00e9t\u00e9 trouv\u00e9?<\/p><p>Des <strong data-start=\"1687\" data-end=\"1717\">os des pattes et du bassin<\/strong>.<\/p><p>16.Quand il le nomme ?<\/p><p>En <strong data-start=\"1761\" data-end=\"1769\">2014<\/strong>.<\/p><p>17.Combien il a de dents?<\/p><p>Environ <strong data-start=\"1821\" data-end=\"1847\">une vingtaine de dents<\/strong> (petites et simples).<\/p><p>18.Quels sont les autres dinosaures qui vivaient \u00e0 cette \u00e9poque?<\/p><p data-start=\"1871\" data-end=\"1949\">Par exemple :<\/p><ul data-start=\"1950\" data-end=\"2033\"><li data-start=\"1950\" data-end=\"1969\"><p data-start=\"1952\" data-end=\"1969\"><strong data-start=\"1952\" data-end=\"1967\">Patagotitan<\/strong><\/p><\/li><li data-start=\"1970\" data-end=\"1993\"><p data-start=\"1972\" data-end=\"1993\"><strong data-start=\"1972\" data-end=\"1991\">Argentinosaurus<\/strong><\/p><\/li><li data-start=\"1994\" data-end=\"2013\"><p data-start=\"1996\" data-end=\"2013\"><strong data-start=\"1996\" data-end=\"2011\">Saltasaurus<\/strong><\/p><\/li><li data-start=\"2014\" data-end=\"2033\"><p data-start=\"2016\" data-end=\"2033\"><strong data-start=\"2016\" data-end=\"2031\">Carnotaurus<\/strong><\/p><\/li><\/ul>\t\t\t\t\t\t\t\t<\/div>\n\t\t\t\t\t<\/div>\n\t\t\t\t<\/div>\n\t\t\t\t<\/div>\n\t\t","protected":false},"excerpt":{"rendered":"<p>\u00a0 \u00a0 \u00a0 \u00a0 \u00a0 \u00a0 \u00a0 \u00a0 \u00a0 \u00a0 \u00a0 \u00a0 \u00a0 \u00a0 \u00a0 \u00a0Dreadnoughtus 1.Qui a d\u00e9couvert\u00a0le\u00a0Dreadnoughtus? Il a \u00e9t\u00e9 d\u00e9couvert par le pal\u00e9ontologue Kenneth Lacovara et son \u00e9quipe. 2.Ou \u00e0 t\u2019il trouver le fossile de ce reptile? En Argentine, en Patagonie (Am\u00e9rique du Sud). 3.Quand il a trouve le premier os de [&hellip;]<\/p>\n","protected":false},"author":1,"featured_media":0,"parent":0,"menu_order":0,"comment_status":"closed","ping_status":"closed","template":"","meta":{"footnotes":""},"class_list":["post-546","page","type-page","status-publish","hentry"],"yoast_head":"<!-- This site is optimized with the Yoast SEO plugin v26.2 - https:\/\/yoast.com\/wordpress\/plugins\/seo\/ -->\n<title>Dreadnoughtus - RJ Exp\u00e9rience<\/title>\n<meta name=\"robots\" content=\"index, follow, max-snippet:-1, max-image-preview:large, max-video-preview:-1\" \/>\n<link rel=\"canonical\" href=\"https:\/\/rj-experience.com\/index.php\/dreadnoughtus\/\" \/>\n<meta property=\"og:locale\" content=\"en_US\" \/>\n<meta property=\"og:type\" content=\"article\" \/>\n<meta property=\"og:title\" content=\"Dreadnoughtus - RJ Exp\u00e9rience\" \/>\n<meta property=\"og:description\" content=\"\u00a0 \u00a0 \u00a0 \u00a0 \u00a0 \u00a0 \u00a0 \u00a0 \u00a0 \u00a0 \u00a0 \u00a0 \u00a0 \u00a0 \u00a0 \u00a0Dreadnoughtus 1.Qui a d\u00e9couvert\u00a0le\u00a0Dreadnoughtus? Il a \u00e9t\u00e9 d\u00e9couvert par le pal\u00e9ontologue Kenneth Lacovara et son \u00e9quipe. 2.Ou \u00e0 t\u2019il trouver le fossile de ce reptile? En Argentine, en Patagonie (Am\u00e9rique du Sud). 3.Quand il a trouve le premier os de [&hellip;]\" \/>\n<meta property=\"og:url\" content=\"https:\/\/rj-experience.com\/index.php\/dreadnoughtus\/\" \/>\n<meta property=\"og:site_name\" content=\"RJ Exp\u00e9rience\" \/>\n<meta property=\"article:modified_time\" content=\"2026-01-05T16:28:08+00:00\" \/>\n<meta name=\"twitter:card\" content=\"summary_large_image\" \/>\n<meta name=\"twitter:label1\" content=\"Est. reading time\" \/>\n\t<meta name=\"twitter:data1\" content=\"2 minutes\" \/>\n<script type=\"application\/ld+json\" class=\"yoast-schema-graph\">{\"@context\":\"https:\/\/schema.org\",\"@graph\":[{\"@type\":\"WebPage\",\"@id\":\"https:\/\/rj-experience.com\/index.php\/dreadnoughtus\/\",\"url\":\"https:\/\/rj-experience.com\/index.php\/dreadnoughtus\/\",\"name\":\"Dreadnoughtus - RJ Exp\u00e9rience\",\"isPartOf\":{\"@id\":\"https:\/\/rj-experience.com\/#website\"},\"datePublished\":\"2025-07-22T20:49:10+00:00\",\"dateModified\":\"2026-01-05T16:28:08+00:00\",\"breadcrumb\":{\"@id\":\"https:\/\/rj-experience.com\/index.php\/dreadnoughtus\/#breadcrumb\"},\"inLanguage\":\"en-US\",\"potentialAction\":[{\"@type\":\"ReadAction\",\"target\":[\"https:\/\/rj-experience.com\/index.php\/dreadnoughtus\/\"]}]},{\"@type\":\"BreadcrumbList\",\"@id\":\"https:\/\/rj-experience.com\/index.php\/dreadnoughtus\/#breadcrumb\",\"itemListElement\":[{\"@type\":\"ListItem\",\"position\":1,\"name\":\"Home\",\"item\":\"https:\/\/rj-experience.com\/\"},{\"@type\":\"ListItem\",\"position\":2,\"name\":\"Dreadnoughtus\"}]},{\"@type\":\"WebSite\",\"@id\":\"https:\/\/rj-experience.com\/#website\",\"url\":\"https:\/\/rj-experience.com\/\",\"name\":\"RJ Exp\u00e9rience\",\"description\":\"\",\"publisher\":{\"@id\":\"https:\/\/rj-experience.com\/#organization\"},\"potentialAction\":[{\"@type\":\"SearchAction\",\"target\":{\"@type\":\"EntryPoint\",\"urlTemplate\":\"https:\/\/rj-experience.com\/?s={search_term_string}\"},\"query-input\":{\"@type\":\"PropertyValueSpecification\",\"valueRequired\":true,\"valueName\":\"search_term_string\"}}],\"inLanguage\":\"en-US\"},{\"@type\":\"Organization\",\"@id\":\"https:\/\/rj-experience.com\/#organization\",\"name\":\"RJ Exp\u00e9rience\",\"url\":\"https:\/\/rj-experience.com\/\",\"logo\":{\"@type\":\"ImageObject\",\"inLanguage\":\"en-US\",\"@id\":\"https:\/\/rj-experience.com\/#\/schema\/logo\/image\/\",\"url\":\"https:\/\/rj-experience.com\/wp-content\/uploads\/2025\/10\/cropped-ChatGPT-Image-28-oct.-2025-18_28_26.png\",\"contentUrl\":\"https:\/\/rj-experience.com\/wp-content\/uploads\/2025\/10\/cropped-ChatGPT-Image-28-oct.-2025-18_28_26.png\",\"width\":512,\"height\":512,\"caption\":\"RJ Exp\u00e9rience\"},\"image\":{\"@id\":\"https:\/\/rj-experience.com\/#\/schema\/logo\/image\/\"}}]}<\/script>\n<!-- \/ Yoast SEO plugin. -->","yoast_head_json":{"title":"Dreadnoughtus - RJ Exp\u00e9rience","robots":{"index":"index","follow":"follow","max-snippet":"max-snippet:-1","max-image-preview":"max-image-preview:large","max-video-preview":"max-video-preview:-1"},"canonical":"https:\/\/rj-experience.com\/index.php\/dreadnoughtus\/","og_locale":"en_US","og_type":"article","og_title":"Dreadnoughtus - RJ Exp\u00e9rience","og_description":"\u00a0 \u00a0 \u00a0 \u00a0 \u00a0 \u00a0 \u00a0 \u00a0 \u00a0 \u00a0 \u00a0 \u00a0 \u00a0 \u00a0 \u00a0 \u00a0Dreadnoughtus 1.Qui a d\u00e9couvert\u00a0le\u00a0Dreadnoughtus? Il a \u00e9t\u00e9 d\u00e9couvert par le pal\u00e9ontologue Kenneth Lacovara et son \u00e9quipe. 2.Ou \u00e0 t\u2019il trouver le fossile de ce reptile? En Argentine, en Patagonie (Am\u00e9rique du Sud). 3.Quand il a trouve le premier os de [&hellip;]","og_url":"https:\/\/rj-experience.com\/index.php\/dreadnoughtus\/","og_site_name":"RJ Exp\u00e9rience","article_modified_time":"2026-01-05T16:28:08+00:00","twitter_card":"summary_large_image","twitter_misc":{"Est. reading time":"2 minutes"},"schema":{"@context":"https:\/\/schema.org","@graph":[{"@type":"WebPage","@id":"https:\/\/rj-experience.com\/index.php\/dreadnoughtus\/","url":"https:\/\/rj-experience.com\/index.php\/dreadnoughtus\/","name":"Dreadnoughtus - RJ Exp\u00e9rience","isPartOf":{"@id":"https:\/\/rj-experience.com\/#website"},"datePublished":"2025-07-22T20:49:10+00:00","dateModified":"2026-01-05T16:28:08+00:00","breadcrumb":{"@id":"https:\/\/rj-experience.com\/index.php\/dreadnoughtus\/#breadcrumb"},"inLanguage":"en-US","potentialAction":[{"@type":"ReadAction","target":["https:\/\/rj-experience.com\/index.php\/dreadnoughtus\/"]}]},{"@type":"BreadcrumbList","@id":"https:\/\/rj-experience.com\/index.php\/dreadnoughtus\/#breadcrumb","itemListElement":[{"@type":"ListItem","position":1,"name":"Home","item":"https:\/\/rj-experience.com\/"},{"@type":"ListItem","position":2,"name":"Dreadnoughtus"}]},{"@type":"WebSite","@id":"https:\/\/rj-experience.com\/#website","url":"https:\/\/rj-experience.com\/","name":"RJ Exp\u00e9rience","description":"","publisher":{"@id":"https:\/\/rj-experience.com\/#organization"},"potentialAction":[{"@type":"SearchAction","target":{"@type":"EntryPoint","urlTemplate":"https:\/\/rj-experience.com\/?s={search_term_string}"},"query-input":{"@type":"PropertyValueSpecification","valueRequired":true,"valueName":"search_term_string"}}],"inLanguage":"en-US"},{"@type":"Organization","@id":"https:\/\/rj-experience.com\/#organization","name":"RJ Exp\u00e9rience","url":"https:\/\/rj-experience.com\/","logo":{"@type":"ImageObject","inLanguage":"en-US","@id":"https:\/\/rj-experience.com\/#\/schema\/logo\/image\/","url":"https:\/\/rj-experience.com\/wp-content\/uploads\/2025\/10\/cropped-ChatGPT-Image-28-oct.-2025-18_28_26.png","contentUrl":"https:\/\/rj-experience.com\/wp-content\/uploads\/2025\/10\/cropped-ChatGPT-Image-28-oct.-2025-18_28_26.png","width":512,"height":512,"caption":"RJ Exp\u00e9rience"},"image":{"@id":"https:\/\/rj-experience.com\/#\/schema\/logo\/image\/"}}]}},"_links":{"self":[{"href":"https:\/\/rj-experience.com\/index.php\/wp-json\/wp\/v2\/pages\/546","targetHints":{"allow":["GET"]}}],"collection":[{"href":"https:\/\/rj-experience.com\/index.php\/wp-json\/wp\/v2\/pages"}],"about":[{"href":"https:\/\/rj-experience.com\/index.php\/wp-json\/wp\/v2\/types\/page"}],"author":[{"embeddable":true,"href":"https:\/\/rj-experience.com\/index.php\/wp-json\/wp\/v2\/users\/1"}],"replies":[{"embeddable":true,"href":"https:\/\/rj-experience.com\/index.php\/wp-json\/wp\/v2\/comments?post=546"}],"version-history":[{"count":4,"href":"https:\/\/rj-experience.com\/index.php\/wp-json\/wp\/v2\/pages\/546\/revisions"}],"predecessor-version":[{"id":1748,"href":"https:\/\/rj-experience.com\/index.php\/wp-json\/wp\/v2\/pages\/546\/revisions\/1748"}],"wp:attachment":[{"href":"https:\/\/rj-experience.com\/index.php\/wp-json\/wp\/v2\/media?parent=546"}],"curies":[{"name":"wp","href":"https:\/\/api.w.org\/{rel}","templated":true}]}}