{"id":360,"date":"2025-07-22T10:02:20","date_gmt":"2025-07-22T10:02:20","guid":{"rendered":"http:\/\/rj-experience.com\/?page_id=360"},"modified":"2025-09-26T16:36:27","modified_gmt":"2025-09-26T16:36:27","slug":"oviraptor","status":"publish","type":"page","link":"https:\/\/rj-experience.com\/index.php\/oviraptor\/","title":{"rendered":"Oviraptor"},"content":{"rendered":"\t\t<div data-elementor-type=\"wp-page\" data-elementor-id=\"360\" class=\"elementor elementor-360\">\n\t\t\t\t<div class=\"elementor-element elementor-element-db4218b e-flex e-con-boxed e-con e-parent\" data-id=\"db4218b\" data-element_type=\"container\">\n\t\t\t\t\t<div class=\"e-con-inner\">\n\t\t\t\t<div class=\"elementor-element elementor-element-2743adf elementor-widget elementor-widget-text-editor\" data-id=\"2743adf\" data-element_type=\"widget\" data-widget_type=\"text-editor.default\">\n\t\t\t\t\t\t\t\t\t<h2>\u00a0 \u00a0 \u00a0 \u00a0 \u00a0 \u00a0 \u00a0 \u00a0 \u00a0 \u00a0 \u00a0 \u00a0 \u00a0 \u00a0Oviraptor<\/h2><p>1.Qui a d\u00e9couvert l\u2019Oviraptor?<\/p><p>Il a \u00e9t\u00e9 d\u00e9couvert par <strong data-start=\"169\" data-end=\"195\">Henry Fairfield Osborn<\/strong>, un pal\u00e9ontologue am\u00e9ricain.<\/p><p>2.Ou \u00e0 t\u2019il trouver le fossile de ce reptile?<\/p><p>Le premier fossile a \u00e9t\u00e9 trouv\u00e9 en <strong data-start=\"323\" data-end=\"335\">Mongolie<\/strong>, dans le <strong data-start=\"345\" data-end=\"363\">d\u00e9sert de Gobi<\/strong>.<\/p><p>3.Quand il a trouve le premier os de ce reptile?<\/p><p>Le premier fossile a \u00e9t\u00e9 d\u00e9couvert en <strong data-start=\"472\" data-end=\"480\">1923<\/strong> lors d\u2019une exp\u00e9dition am\u00e9ricaine en Mongolie.<\/p><p>4.Il est carnivore ou herbivore?<\/p><p data-start=\"578\" data-end=\"612\">L\u2019Oviraptor \u00e9tait <strong data-start=\"596\" data-end=\"608\">omnivore<\/strong> :<\/p><ul data-start=\"613\" data-end=\"716\"><li data-start=\"613\" data-end=\"674\"><p data-start=\"615\" data-end=\"674\">Il pouvait manger des <strong data-start=\"637\" data-end=\"671\">\u0153ufs, insectes, petits animaux<\/strong>,<\/p><\/li><li data-start=\"675\" data-end=\"716\"><p data-start=\"677\" data-end=\"716\">Mais aussi des <strong data-start=\"692\" data-end=\"713\">plantes et fruits<\/strong>.<\/p><\/li><\/ul><p>5.Combien fait sa taille?<\/p><p>Il mesurait environ <strong data-start=\"781\" data-end=\"807\">1,5 \u00e0 2 m\u00e8tres de long<\/strong>.<\/p><p>6.Combien p\u00e8se son poids ?<\/p><p>Son poids \u00e9tait estim\u00e9 entre <strong data-start=\"882\" data-end=\"906\">20 et 35 kilogrammes<\/strong>.<\/p><p>7.L\u2019Oviraptor vient du cr\u00e9tac\u00e9,du tria ou du jurassique ?<\/p><p data-start=\"985\" data-end=\"1061\">Il vivait au <strong data-start=\"998\" data-end=\"1019\">Cr\u00e9tac\u00e9 sup\u00e9rieur<\/strong>, il y a environ <strong data-start=\"1036\" data-end=\"1060\">75 millions d\u2019ann\u00e9es<\/strong>.<\/p><p>8.De quelle famille appartient l\u2019Oviraptor ?<\/p><p data-start=\"1124\" data-end=\"1209\">Il appartient \u00e0 la famille des <strong data-start=\"1155\" data-end=\"1172\">Oviraptoridae<\/strong>, des th\u00e9ropodes proches des oiseaux.<\/p><p>9.Combien \u00e0 v\u00e9cu l\u2019Oviraptor ?<\/p><p>On estime qu\u2019il pouvait vivre environ <strong data-start=\"1296\" data-end=\"1311\">10 \u00e0 15 ans<\/strong>, comme beaucoup de petits dinosaures.<\/p><p>10.Combien fait la taille de ces dents ?<\/p><p data-start=\"1408\" data-end=\"1526\">En r\u00e9alit\u00e9, <strong data-start=\"1420\" data-end=\"1456\">l\u2019Oviraptor n\u2019avait pas de dents<\/strong>.<br data-start=\"1457\" data-end=\"1460\" \/>Il poss\u00e9dait un <strong data-start=\"1476\" data-end=\"1492\">bec puissant<\/strong> semblable \u00e0 celui des perroquets.<\/p><p>11.Quel est sont nom scientifique ?<\/p><p>\u00a0<\/p><p>12.Combien p\u00e8se son cerveau?<\/p><p>13.Il vit seul ou en troupeau?<\/p><p>14.Qui est son premier os qui a \u00e9t\u00e9 trouv\u00e9?<\/p><p>15.Quand il le nomme ?<\/p><p>16.Combien il a de dents?<\/p><p>17.Quels sont les autres dinosaures qui vivaient \u00e0 cette \u00e9poque?<\/p>\t\t\t\t\t\t\t\t<\/div>\n\t\t\t\t\t<\/div>\n\t\t\t\t<\/div>\n\t\t\t\t<\/div>\n\t\t","protected":false},"excerpt":{"rendered":"<p>\u00a0 \u00a0 \u00a0 \u00a0 \u00a0 \u00a0 \u00a0 \u00a0 \u00a0 \u00a0 \u00a0 \u00a0 \u00a0 \u00a0Oviraptor 1.Qui a d\u00e9couvert l\u2019Oviraptor? Il a \u00e9t\u00e9 d\u00e9couvert par Henry Fairfield Osborn, un pal\u00e9ontologue am\u00e9ricain. 2.Ou \u00e0 t\u2019il trouver le fossile de ce reptile? Le premier fossile a \u00e9t\u00e9 trouv\u00e9 en Mongolie, dans le d\u00e9sert de Gobi. 3.Quand il a trouve [&hellip;]<\/p>\n","protected":false},"author":1,"featured_media":0,"parent":0,"menu_order":0,"comment_status":"closed","ping_status":"closed","template":"","meta":{"footnotes":""},"class_list":["post-360","page","type-page","status-publish","hentry"],"yoast_head":"<!-- This site is optimized with the Yoast SEO plugin v26.2 - https:\/\/yoast.com\/wordpress\/plugins\/seo\/ -->\n<title>Oviraptor - RJ Exp\u00e9rience<\/title>\n<meta name=\"robots\" content=\"index, follow, max-snippet:-1, max-image-preview:large, max-video-preview:-1\" \/>\n<link rel=\"canonical\" href=\"https:\/\/rj-experience.com\/index.php\/oviraptor\/\" \/>\n<meta property=\"og:locale\" content=\"en_US\" \/>\n<meta property=\"og:type\" content=\"article\" \/>\n<meta property=\"og:title\" content=\"Oviraptor - RJ Exp\u00e9rience\" \/>\n<meta property=\"og:description\" content=\"\u00a0 \u00a0 \u00a0 \u00a0 \u00a0 \u00a0 \u00a0 \u00a0 \u00a0 \u00a0 \u00a0 \u00a0 \u00a0 \u00a0Oviraptor 1.Qui a d\u00e9couvert l\u2019Oviraptor? Il a \u00e9t\u00e9 d\u00e9couvert par Henry Fairfield Osborn, un pal\u00e9ontologue am\u00e9ricain. 2.Ou \u00e0 t\u2019il trouver le fossile de ce reptile? Le premier fossile a \u00e9t\u00e9 trouv\u00e9 en Mongolie, dans le d\u00e9sert de Gobi. 3.Quand il a trouve [&hellip;]\" \/>\n<meta property=\"og:url\" content=\"https:\/\/rj-experience.com\/index.php\/oviraptor\/\" \/>\n<meta property=\"og:site_name\" content=\"RJ Exp\u00e9rience\" \/>\n<meta property=\"article:modified_time\" content=\"2025-09-26T16:36:27+00:00\" \/>\n<meta name=\"twitter:card\" content=\"summary_large_image\" \/>\n<meta name=\"twitter:label1\" content=\"Est. reading time\" \/>\n\t<meta name=\"twitter:data1\" content=\"1 minute\" \/>\n<script type=\"application\/ld+json\" class=\"yoast-schema-graph\">{\"@context\":\"https:\/\/schema.org\",\"@graph\":[{\"@type\":\"WebPage\",\"@id\":\"https:\/\/rj-experience.com\/index.php\/oviraptor\/\",\"url\":\"https:\/\/rj-experience.com\/index.php\/oviraptor\/\",\"name\":\"Oviraptor - RJ Exp\u00e9rience\",\"isPartOf\":{\"@id\":\"https:\/\/rj-experience.com\/#website\"},\"datePublished\":\"2025-07-22T10:02:20+00:00\",\"dateModified\":\"2025-09-26T16:36:27+00:00\",\"breadcrumb\":{\"@id\":\"https:\/\/rj-experience.com\/index.php\/oviraptor\/#breadcrumb\"},\"inLanguage\":\"en-US\",\"potentialAction\":[{\"@type\":\"ReadAction\",\"target\":[\"https:\/\/rj-experience.com\/index.php\/oviraptor\/\"]}]},{\"@type\":\"BreadcrumbList\",\"@id\":\"https:\/\/rj-experience.com\/index.php\/oviraptor\/#breadcrumb\",\"itemListElement\":[{\"@type\":\"ListItem\",\"position\":1,\"name\":\"Home\",\"item\":\"https:\/\/rj-experience.com\/\"},{\"@type\":\"ListItem\",\"position\":2,\"name\":\"Oviraptor\"}]},{\"@type\":\"WebSite\",\"@id\":\"https:\/\/rj-experience.com\/#website\",\"url\":\"https:\/\/rj-experience.com\/\",\"name\":\"RJ Exp\u00e9rience\",\"description\":\"\",\"publisher\":{\"@id\":\"https:\/\/rj-experience.com\/#organization\"},\"potentialAction\":[{\"@type\":\"SearchAction\",\"target\":{\"@type\":\"EntryPoint\",\"urlTemplate\":\"https:\/\/rj-experience.com\/?s={search_term_string}\"},\"query-input\":{\"@type\":\"PropertyValueSpecification\",\"valueRequired\":true,\"valueName\":\"search_term_string\"}}],\"inLanguage\":\"en-US\"},{\"@type\":\"Organization\",\"@id\":\"https:\/\/rj-experience.com\/#organization\",\"name\":\"RJ Exp\u00e9rience\",\"url\":\"https:\/\/rj-experience.com\/\",\"logo\":{\"@type\":\"ImageObject\",\"inLanguage\":\"en-US\",\"@id\":\"https:\/\/rj-experience.com\/#\/schema\/logo\/image\/\",\"url\":\"https:\/\/rj-experience.com\/wp-content\/uploads\/2025\/10\/cropped-ChatGPT-Image-28-oct.-2025-18_28_26.png\",\"contentUrl\":\"https:\/\/rj-experience.com\/wp-content\/uploads\/2025\/10\/cropped-ChatGPT-Image-28-oct.-2025-18_28_26.png\",\"width\":512,\"height\":512,\"caption\":\"RJ Exp\u00e9rience\"},\"image\":{\"@id\":\"https:\/\/rj-experience.com\/#\/schema\/logo\/image\/\"}}]}<\/script>\n<!-- \/ Yoast SEO plugin. -->","yoast_head_json":{"title":"Oviraptor - RJ Exp\u00e9rience","robots":{"index":"index","follow":"follow","max-snippet":"max-snippet:-1","max-image-preview":"max-image-preview:large","max-video-preview":"max-video-preview:-1"},"canonical":"https:\/\/rj-experience.com\/index.php\/oviraptor\/","og_locale":"en_US","og_type":"article","og_title":"Oviraptor - RJ Exp\u00e9rience","og_description":"\u00a0 \u00a0 \u00a0 \u00a0 \u00a0 \u00a0 \u00a0 \u00a0 \u00a0 \u00a0 \u00a0 \u00a0 \u00a0 \u00a0Oviraptor 1.Qui a d\u00e9couvert l\u2019Oviraptor? Il a \u00e9t\u00e9 d\u00e9couvert par Henry Fairfield Osborn, un pal\u00e9ontologue am\u00e9ricain. 2.Ou \u00e0 t\u2019il trouver le fossile de ce reptile? Le premier fossile a \u00e9t\u00e9 trouv\u00e9 en Mongolie, dans le d\u00e9sert de Gobi. 3.Quand il a trouve [&hellip;]","og_url":"https:\/\/rj-experience.com\/index.php\/oviraptor\/","og_site_name":"RJ Exp\u00e9rience","article_modified_time":"2025-09-26T16:36:27+00:00","twitter_card":"summary_large_image","twitter_misc":{"Est. reading time":"1 minute"},"schema":{"@context":"https:\/\/schema.org","@graph":[{"@type":"WebPage","@id":"https:\/\/rj-experience.com\/index.php\/oviraptor\/","url":"https:\/\/rj-experience.com\/index.php\/oviraptor\/","name":"Oviraptor - RJ Exp\u00e9rience","isPartOf":{"@id":"https:\/\/rj-experience.com\/#website"},"datePublished":"2025-07-22T10:02:20+00:00","dateModified":"2025-09-26T16:36:27+00:00","breadcrumb":{"@id":"https:\/\/rj-experience.com\/index.php\/oviraptor\/#breadcrumb"},"inLanguage":"en-US","potentialAction":[{"@type":"ReadAction","target":["https:\/\/rj-experience.com\/index.php\/oviraptor\/"]}]},{"@type":"BreadcrumbList","@id":"https:\/\/rj-experience.com\/index.php\/oviraptor\/#breadcrumb","itemListElement":[{"@type":"ListItem","position":1,"name":"Home","item":"https:\/\/rj-experience.com\/"},{"@type":"ListItem","position":2,"name":"Oviraptor"}]},{"@type":"WebSite","@id":"https:\/\/rj-experience.com\/#website","url":"https:\/\/rj-experience.com\/","name":"RJ Exp\u00e9rience","description":"","publisher":{"@id":"https:\/\/rj-experience.com\/#organization"},"potentialAction":[{"@type":"SearchAction","target":{"@type":"EntryPoint","urlTemplate":"https:\/\/rj-experience.com\/?s={search_term_string}"},"query-input":{"@type":"PropertyValueSpecification","valueRequired":true,"valueName":"search_term_string"}}],"inLanguage":"en-US"},{"@type":"Organization","@id":"https:\/\/rj-experience.com\/#organization","name":"RJ Exp\u00e9rience","url":"https:\/\/rj-experience.com\/","logo":{"@type":"ImageObject","inLanguage":"en-US","@id":"https:\/\/rj-experience.com\/#\/schema\/logo\/image\/","url":"https:\/\/rj-experience.com\/wp-content\/uploads\/2025\/10\/cropped-ChatGPT-Image-28-oct.-2025-18_28_26.png","contentUrl":"https:\/\/rj-experience.com\/wp-content\/uploads\/2025\/10\/cropped-ChatGPT-Image-28-oct.-2025-18_28_26.png","width":512,"height":512,"caption":"RJ Exp\u00e9rience"},"image":{"@id":"https:\/\/rj-experience.com\/#\/schema\/logo\/image\/"}}]}},"_links":{"self":[{"href":"https:\/\/rj-experience.com\/index.php\/wp-json\/wp\/v2\/pages\/360","targetHints":{"allow":["GET"]}}],"collection":[{"href":"https:\/\/rj-experience.com\/index.php\/wp-json\/wp\/v2\/pages"}],"about":[{"href":"https:\/\/rj-experience.com\/index.php\/wp-json\/wp\/v2\/types\/page"}],"author":[{"embeddable":true,"href":"https:\/\/rj-experience.com\/index.php\/wp-json\/wp\/v2\/users\/1"}],"replies":[{"embeddable":true,"href":"https:\/\/rj-experience.com\/index.php\/wp-json\/wp\/v2\/comments?post=360"}],"version-history":[{"count":7,"href":"https:\/\/rj-experience.com\/index.php\/wp-json\/wp\/v2\/pages\/360\/revisions"}],"predecessor-version":[{"id":1033,"href":"https:\/\/rj-experience.com\/index.php\/wp-json\/wp\/v2\/pages\/360\/revisions\/1033"}],"wp:attachment":[{"href":"https:\/\/rj-experience.com\/index.php\/wp-json\/wp\/v2\/media?parent=360"}],"curies":[{"name":"wp","href":"https:\/\/api.w.org\/{rel}","templated":true}]}}