{"id":2083,"date":"2026-04-08T17:26:51","date_gmt":"2026-04-08T17:26:51","guid":{"rendered":"https:\/\/rj-experience.com\/?page_id=2083"},"modified":"2026-04-08T17:34:58","modified_gmt":"2026-04-08T17:34:58","slug":"les-actualite","status":"publish","type":"page","link":"https:\/\/rj-experience.com\/index.php\/les-actualite\/","title":{"rendered":"Les actualit\u00e9"},"content":{"rendered":"\t\t<div data-elementor-type=\"wp-page\" data-elementor-id=\"2083\" class=\"elementor elementor-2083\">\n\t\t\t\t<div class=\"elementor-element elementor-element-05d734d e-flex e-con-boxed e-con e-parent\" data-id=\"05d734d\" data-element_type=\"container\">\n\t\t\t\t\t<div class=\"e-con-inner\">\n\t\t\t\t<div class=\"elementor-element elementor-element-62bd168 elementor-widget elementor-widget-text-editor\" data-id=\"62bd168\" data-element_type=\"widget\" data-widget_type=\"text-editor.default\">\n\t\t\t\t\t\t\t\t\t<h2 data-section-id=\"18rckik\" data-start=\"99\" data-end=\"155\"><img decoding=\"async\" class=\"emoji\" role=\"img\" draggable=\"false\" src=\"https:\/\/s.w.org\/images\/core\/emoji\/17.0.2\/svg\/1f4f0.svg\" alt=\"\ud83d\udcf0\" \/> Les actualit\u00e9s : comprendre le monde d\u2019aujourd\u2019hui<\/h2><p data-start=\"157\" data-end=\"398\">Les actualit\u00e9s, aussi appel\u00e9es \u201cinfos\u201d, repr\u00e9sentent l\u2019ensemble des \u00e9v\u00e9nements r\u00e9cents qui se passent dans le monde. Elles nous permettent de rester inform\u00e9s sur ce qui se passe autour de nous : dans notre pays, mais aussi \u00e0 l\u2019international.<\/p><p data-start=\"400\" data-end=\"578\">Aujourd\u2019hui, gr\u00e2ce \u00e0 Internet, aux r\u00e9seaux sociaux et \u00e0 la t\u00e9l\u00e9vision, les informations circulent tr\u00e8s rapidement. En quelques secondes, une nouvelle peut faire le tour du monde.<\/p><hr data-start=\"580\" data-end=\"583\" \/><h2 data-section-id=\"16z21cb\" data-start=\"585\" data-end=\"624\"><img decoding=\"async\" class=\"emoji\" role=\"img\" draggable=\"false\" src=\"https:\/\/s.w.org\/images\/core\/emoji\/17.0.2\/svg\/1f30d.svg\" alt=\"\ud83c\udf0d\" \/> Les diff\u00e9rents types d\u2019actualit\u00e9s<\/h2><p data-start=\"626\" data-end=\"681\">Les actualit\u00e9s couvrent plusieurs domaines importants :<\/p><h3 data-section-id=\"nh79gl\" data-start=\"683\" data-end=\"716\"><img decoding=\"async\" class=\"emoji\" role=\"img\" draggable=\"false\" src=\"https:\/\/s.w.org\/images\/core\/emoji\/17.0.2\/svg\/1f321.svg\" alt=\"\ud83c\udf21\ufe0f\" \/> Climat et environnement<\/h3><p data-start=\"717\" data-end=\"795\">Les changements climatiques sont au c\u0153ur de l\u2019actualit\u00e9. On parle souvent de :<\/p><ul data-start=\"796\" data-end=\"913\"><li data-section-id=\"1ucpt7x\" data-start=\"796\" data-end=\"824\">R\u00e9chauffement climatique<\/li><li data-section-id=\"1azikaz\" data-start=\"825\" data-end=\"848\">Incendies de for\u00eats<\/li><li data-section-id=\"1ck8oy2\" data-start=\"849\" data-end=\"885\">Pollution de l\u2019air et des oc\u00e9ans<\/li><li data-section-id=\"1lq9azi\" data-start=\"886\" data-end=\"913\">Protection de la nature<\/li><\/ul><p data-start=\"915\" data-end=\"996\">Ces informations sont importantes car elles concernent l\u2019avenir de notre plan\u00e8te.<\/p><hr data-start=\"998\" data-end=\"1001\" \/><h3 data-section-id=\"16qodws\" data-start=\"1003\" data-end=\"1033\"><img decoding=\"async\" class=\"emoji\" role=\"img\" draggable=\"false\" src=\"https:\/\/s.w.org\/images\/core\/emoji\/17.0.2\/svg\/2694.svg\" alt=\"\u2694\ufe0f\" \/> Conflits et politique<\/h3><p data-start=\"1034\" data-end=\"1093\">Les actualit\u00e9s parlent aussi des relations entre les pays :<\/p><ul data-start=\"1094\" data-end=\"1190\"><li data-section-id=\"ciwrmm\" data-start=\"1094\" data-end=\"1117\">Guerres et conflits<\/li><li data-section-id=\"qfyev7\" data-start=\"1118\" data-end=\"1149\">D\u00e9cisions des gouvernements<\/li><li data-section-id=\"2bklic\" data-start=\"1150\" data-end=\"1163\">\u00c9lections<\/li><li data-section-id=\"1ag9uk8\" data-start=\"1164\" data-end=\"1190\">Accords internationaux<\/li><\/ul><p data-start=\"1192\" data-end=\"1257\">Ces \u00e9v\u00e9nements influencent la paix et la stabilit\u00e9 dans le monde.<\/p><hr data-start=\"1259\" data-end=\"1262\" \/><h3 data-section-id=\"14w33rn\" data-start=\"1264\" data-end=\"1284\"><img decoding=\"async\" class=\"emoji\" role=\"img\" draggable=\"false\" src=\"https:\/\/s.w.org\/images\/core\/emoji\/17.0.2\/svg\/1f4bb.svg\" alt=\"\ud83d\udcbb\" \/> Technologie<\/h3><p data-start=\"1285\" data-end=\"1324\">La technologie \u00e9volue tr\u00e8s rapidement :<\/p><ul data-start=\"1325\" data-end=\"1412\"><li data-section-id=\"1eb267q\" data-start=\"1325\" data-end=\"1354\">Intelligence artificielle<\/li><li data-section-id=\"g0eyvz\" data-start=\"1355\" data-end=\"1365\">Robots<\/li><li data-section-id=\"vkvfly\" data-start=\"1366\" data-end=\"1397\">Smartphones et applications<\/li><li data-section-id=\"1l3harb\" data-start=\"1398\" data-end=\"1412\">Jeux vid\u00e9o<\/li><\/ul><p data-start=\"1414\" data-end=\"1493\">Ces innovations changent notre fa\u00e7on de vivre, de travailler et de communiquer.<\/p><hr data-start=\"1495\" data-end=\"1498\" \/><h3 data-section-id=\"lr863h\" data-start=\"1500\" data-end=\"1528\"><img decoding=\"async\" class=\"emoji\" role=\"img\" draggable=\"false\" src=\"https:\/\/s.w.org\/images\/core\/emoji\/17.0.2\/svg\/1f4b0.svg\" alt=\"\ud83d\udcb0\" \/> \u00c9conomie et soci\u00e9t\u00e9<\/h3><p data-start=\"1529\" data-end=\"1568\">Les actualit\u00e9s \u00e9conomiques concernent :<\/p><ul data-start=\"1569\" data-end=\"1687\"><li data-section-id=\"1jugghc\" data-start=\"1569\" data-end=\"1593\">Les prix (inflation)<\/li><li data-section-id=\"ic0sal\" data-start=\"1594\" data-end=\"1622\">Le travail et le ch\u00f4mage<\/li><li data-section-id=\"ekhy6s\" data-start=\"1623\" data-end=\"1642\">Les entreprises<\/li><li data-section-id=\"1iwnjtp\" data-start=\"1643\" data-end=\"1687\">Les manifestations et mouvements sociaux<\/li><\/ul><p data-start=\"1689\" data-end=\"1759\">Ces informations ont un impact direct sur la vie quotidienne des gens.<\/p><hr data-start=\"1761\" data-end=\"1764\" \/><h3 data-section-id=\"zuegri\" data-start=\"1766\" data-end=\"1780\"><img decoding=\"async\" class=\"emoji\" role=\"img\" draggable=\"false\" src=\"https:\/\/s.w.org\/images\/core\/emoji\/17.0.2\/svg\/1f3e5.svg\" alt=\"\ud83c\udfe5\" \/> Sant\u00e9<\/h3><p data-start=\"1781\" data-end=\"1819\">La sant\u00e9 est un sujet tr\u00e8s important :<\/p><ul data-start=\"1820\" data-end=\"1883\"><li data-section-id=\"1oyp042\" data-start=\"1820\" data-end=\"1832\">Maladies<\/li><li data-section-id=\"824vvh\" data-start=\"1833\" data-end=\"1857\">Nouveaux traitements<\/li><li data-section-id=\"rbbdij\" data-start=\"1858\" data-end=\"1869\">Vaccins<\/li><li data-section-id=\"jlt1mw\" data-start=\"1870\" data-end=\"1883\">Pand\u00e9mies<\/li><\/ul><p data-start=\"1885\" data-end=\"1943\">Les actualit\u00e9s de sant\u00e9 aident \u00e0 prot\u00e9ger les populations.<\/p><hr data-start=\"1945\" data-end=\"1948\" \/><h2 data-section-id=\"1f8hfvw\" data-start=\"1950\" data-end=\"1981\"><img decoding=\"async\" class=\"emoji\" role=\"img\" draggable=\"false\" src=\"https:\/\/s.w.org\/images\/core\/emoji\/17.0.2\/svg\/1f4f1.svg\" alt=\"\ud83d\udcf1\" \/> Les sources d\u2019information<\/h2><p data-start=\"1983\" data-end=\"2049\">Aujourd\u2019hui, il existe plusieurs moyens de suivre les actualit\u00e9s :<\/p><ul data-start=\"2051\" data-end=\"2126\"><li data-section-id=\"19wq2cz\" data-start=\"2051\" data-end=\"2068\"><img decoding=\"async\" class=\"emoji\" role=\"img\" draggable=\"false\" src=\"https:\/\/s.w.org\/images\/core\/emoji\/17.0.2\/svg\/1f4fa.svg\" alt=\"\ud83d\udcfa\" \/> T\u00e9l\u00e9vision<\/li><li data-section-id=\"1iva0xr\" data-start=\"2069\" data-end=\"2081\"><img decoding=\"async\" class=\"emoji\" role=\"img\" draggable=\"false\" src=\"https:\/\/s.w.org\/images\/core\/emoji\/17.0.2\/svg\/1f4fb.svg\" alt=\"\ud83d\udcfb\" \/> Radio<\/li><li data-section-id=\"l6zr2f\" data-start=\"2082\" data-end=\"2103\"><img decoding=\"async\" class=\"emoji\" role=\"img\" draggable=\"false\" src=\"https:\/\/s.w.org\/images\/core\/emoji\/17.0.2\/svg\/1f310.svg\" alt=\"\ud83c\udf10\" \/> Sites internet<\/li><li data-section-id=\"vmxwfz\" data-start=\"2104\" data-end=\"2126\"><img decoding=\"async\" class=\"emoji\" role=\"img\" draggable=\"false\" src=\"https:\/\/s.w.org\/images\/core\/emoji\/17.0.2\/svg\/1f4f1.svg\" alt=\"\ud83d\udcf1\" \/> R\u00e9seaux sociaux<\/li><\/ul><p data-start=\"2128\" data-end=\"2286\">Mais attention <img decoding=\"async\" class=\"emoji\" role=\"img\" draggable=\"false\" src=\"https:\/\/s.w.org\/images\/core\/emoji\/17.0.2\/svg\/26a0.svg\" alt=\"\u26a0\ufe0f\" \/> : toutes les informations ne sont pas fiables. Il est important de v\u00e9rifier les sources et de ne pas croire tout ce qu\u2019on voit sur Internet.<\/p><h2 data-section-id=\"1vturk3\" data-start=\"2293\" data-end=\"2331\">\ud83e\udde0 Pourquoi suivre les actualit\u00e9s ?<\/h2><p data-start=\"2333\" data-end=\"2366\">Suivre les actualit\u00e9s permet de :<\/p><ul data-start=\"2367\" data-end=\"2486\"><li data-section-id=\"16fcqev\" data-start=\"2367\" data-end=\"2390\">Comprendre le monde<\/li><li data-section-id=\"y9mw07\" data-start=\"2391\" data-end=\"2422\">Prendre de bonnes d\u00e9cisions<\/li><li data-section-id=\"p1uqf1\" data-start=\"2423\" data-end=\"2457\">D\u00e9velopper son esprit critique<\/li><li data-section-id=\"1swm9v0\" data-start=\"2458\" data-end=\"2486\">Discuter avec les autres<\/li><\/ul><p data-start=\"2488\" data-end=\"2543\">C\u2019est aussi un moyen de devenir un citoyen responsable.<\/p><hr data-start=\"2545\" data-end=\"2548\" \/><h2 data-section-id=\"1ifmvo1\" data-start=\"2550\" data-end=\"2592\">\u26a0\ufe0f Les dangers des fausses informations<\/h2><p data-start=\"2594\" data-end=\"2682\">Aujourd\u2019hui, il existe beaucoup de \u201cfake news\u201d (fausses informations).<br data-start=\"2664\" data-end=\"2667\" \/>Elles peuvent :<\/p><ul data-start=\"2683\" data-end=\"2751\"><li data-section-id=\"1o30dv2\" data-start=\"2683\" data-end=\"2703\">Tromper les gens<\/li><li data-section-id=\"gpcas9\" data-start=\"2704\" data-end=\"2724\">Cr\u00e9er de la peur<\/li><li data-section-id=\"1l40iwr\" data-start=\"2725\" data-end=\"2751\">Provoquer des conflits<\/li><\/ul><p data-start=\"2753\" data-end=\"2774\">\ud83d\udc49 Il faut toujours :<\/p><ul data-start=\"2775\" data-end=\"2868\"><li data-section-id=\"1xnuack\" data-start=\"2775\" data-end=\"2797\">V\u00e9rifier la source<\/li><li data-section-id=\"1aabrxc\" data-start=\"2798\" data-end=\"2833\">Comparer plusieurs informations<\/li><li data-section-id=\"200uhs\" data-start=\"2834\" data-end=\"2868\">Ne pas partager sans r\u00e9fl\u00e9chir<\/li><\/ul><hr data-start=\"2870\" data-end=\"2873\" \/><h2 data-section-id=\"1km5ahx\" data-start=\"2875\" data-end=\"2891\">\ud83c\udf1f Conclusion<\/h2><p data-start=\"2893\" data-end=\"3037\">Les actualit\u00e9s sont essentielles pour comprendre le monde dans lequel nous vivons. Elles nous informent, nous alertent et nous aident \u00e0 \u00e9voluer.<\/p><p data-start=\"2128\" data-end=\"2286\">\u00a0<\/p><p data-start=\"3039\" data-end=\"3109\">\ud83d\udcf0 \u00catre bien inform\u00e9, c\u2019est \u00eatre plus intelligent et plus responsable.<\/p>\t\t\t\t\t\t\t\t<\/div>\n\t\t\t\t\t<\/div>\n\t\t\t\t<\/div>\n\t\t\t\t<\/div>\n\t\t","protected":false},"excerpt":{"rendered":"<p>Les actualit\u00e9s : comprendre le monde d\u2019aujourd\u2019hui Les actualit\u00e9s, aussi appel\u00e9es \u201cinfos\u201d, repr\u00e9sentent l\u2019ensemble des \u00e9v\u00e9nements r\u00e9cents qui se passent dans le monde. Elles nous permettent de rester inform\u00e9s sur ce qui se passe autour de nous : dans notre pays, mais aussi \u00e0 l\u2019international. Aujourd\u2019hui, gr\u00e2ce \u00e0 Internet, aux r\u00e9seaux sociaux et \u00e0 la [&hellip;]<\/p>\n","protected":false},"author":1,"featured_media":0,"parent":0,"menu_order":0,"comment_status":"closed","ping_status":"closed","template":"","meta":{"footnotes":""},"class_list":["post-2083","page","type-page","status-publish","hentry"],"yoast_head":"<!-- This site is optimized with the Yoast SEO plugin v26.2 - https:\/\/yoast.com\/wordpress\/plugins\/seo\/ -->\n<title>Les actualit\u00e9 - RJ Exp\u00e9rience<\/title>\n<meta name=\"robots\" content=\"index, follow, max-snippet:-1, max-image-preview:large, max-video-preview:-1\" \/>\n<link rel=\"canonical\" href=\"https:\/\/rj-experience.com\/index.php\/les-actualite\/\" \/>\n<meta property=\"og:locale\" content=\"en_US\" \/>\n<meta property=\"og:type\" content=\"article\" \/>\n<meta property=\"og:title\" content=\"Les actualit\u00e9 - RJ Exp\u00e9rience\" \/>\n<meta property=\"og:description\" content=\"Les actualit\u00e9s : comprendre le monde d\u2019aujourd\u2019hui Les actualit\u00e9s, aussi appel\u00e9es \u201cinfos\u201d, repr\u00e9sentent l\u2019ensemble des \u00e9v\u00e9nements r\u00e9cents qui se passent dans le monde. Elles nous permettent de rester inform\u00e9s sur ce qui se passe autour de nous : dans notre pays, mais aussi \u00e0 l\u2019international. Aujourd\u2019hui, gr\u00e2ce \u00e0 Internet, aux r\u00e9seaux sociaux et \u00e0 la [&hellip;]\" \/>\n<meta property=\"og:url\" content=\"https:\/\/rj-experience.com\/index.php\/les-actualite\/\" \/>\n<meta property=\"og:site_name\" content=\"RJ Exp\u00e9rience\" \/>\n<meta property=\"article:modified_time\" content=\"2026-04-08T17:34:58+00:00\" \/>\n<meta property=\"og:image\" content=\"https:\/\/s.w.org\/images\/core\/emoji\/17.0.2\/svg\/1f4f0.svg\" \/>\n<meta name=\"twitter:card\" content=\"summary_large_image\" \/>\n<meta name=\"twitter:label1\" content=\"Est. reading time\" \/>\n\t<meta name=\"twitter:data1\" content=\"6 minutes\" \/>\n<script type=\"application\/ld+json\" class=\"yoast-schema-graph\">{\"@context\":\"https:\/\/schema.org\",\"@graph\":[{\"@type\":\"WebPage\",\"@id\":\"https:\/\/rj-experience.com\/index.php\/les-actualite\/\",\"url\":\"https:\/\/rj-experience.com\/index.php\/les-actualite\/\",\"name\":\"Les actualit\u00e9 - RJ Exp\u00e9rience\",\"isPartOf\":{\"@id\":\"https:\/\/rj-experience.com\/#website\"},\"primaryImageOfPage\":{\"@id\":\"https:\/\/rj-experience.com\/index.php\/les-actualite\/#primaryimage\"},\"image\":{\"@id\":\"https:\/\/rj-experience.com\/index.php\/les-actualite\/#primaryimage\"},\"thumbnailUrl\":\"https:\/\/s.w.org\/images\/core\/emoji\/17.0.2\/svg\/1f4f0.svg\",\"datePublished\":\"2026-04-08T17:26:51+00:00\",\"dateModified\":\"2026-04-08T17:34:58+00:00\",\"breadcrumb\":{\"@id\":\"https:\/\/rj-experience.com\/index.php\/les-actualite\/#breadcrumb\"},\"inLanguage\":\"en-US\",\"potentialAction\":[{\"@type\":\"ReadAction\",\"target\":[\"https:\/\/rj-experience.com\/index.php\/les-actualite\/\"]}]},{\"@type\":\"ImageObject\",\"inLanguage\":\"en-US\",\"@id\":\"https:\/\/rj-experience.com\/index.php\/les-actualite\/#primaryimage\",\"url\":\"https:\/\/s.w.org\/images\/core\/emoji\/17.0.2\/svg\/1f4f0.svg\",\"contentUrl\":\"https:\/\/s.w.org\/images\/core\/emoji\/17.0.2\/svg\/1f4f0.svg\"},{\"@type\":\"BreadcrumbList\",\"@id\":\"https:\/\/rj-experience.com\/index.php\/les-actualite\/#breadcrumb\",\"itemListElement\":[{\"@type\":\"ListItem\",\"position\":1,\"name\":\"Home\",\"item\":\"https:\/\/rj-experience.com\/\"},{\"@type\":\"ListItem\",\"position\":2,\"name\":\"Les actualit\u00e9\"}]},{\"@type\":\"WebSite\",\"@id\":\"https:\/\/rj-experience.com\/#website\",\"url\":\"https:\/\/rj-experience.com\/\",\"name\":\"RJ Exp\u00e9rience\",\"description\":\"\",\"publisher\":{\"@id\":\"https:\/\/rj-experience.com\/#organization\"},\"potentialAction\":[{\"@type\":\"SearchAction\",\"target\":{\"@type\":\"EntryPoint\",\"urlTemplate\":\"https:\/\/rj-experience.com\/?s={search_term_string}\"},\"query-input\":{\"@type\":\"PropertyValueSpecification\",\"valueRequired\":true,\"valueName\":\"search_term_string\"}}],\"inLanguage\":\"en-US\"},{\"@type\":\"Organization\",\"@id\":\"https:\/\/rj-experience.com\/#organization\",\"name\":\"RJ Exp\u00e9rience\",\"url\":\"https:\/\/rj-experience.com\/\",\"logo\":{\"@type\":\"ImageObject\",\"inLanguage\":\"en-US\",\"@id\":\"https:\/\/rj-experience.com\/#\/schema\/logo\/image\/\",\"url\":\"https:\/\/rj-experience.com\/wp-content\/uploads\/2025\/10\/cropped-ChatGPT-Image-28-oct.-2025-18_28_26.png\",\"contentUrl\":\"https:\/\/rj-experience.com\/wp-content\/uploads\/2025\/10\/cropped-ChatGPT-Image-28-oct.-2025-18_28_26.png\",\"width\":512,\"height\":512,\"caption\":\"RJ Exp\u00e9rience\"},\"image\":{\"@id\":\"https:\/\/rj-experience.com\/#\/schema\/logo\/image\/\"}}]}<\/script>\n<!-- \/ Yoast SEO plugin. -->","yoast_head_json":{"title":"Les actualit\u00e9 - RJ Exp\u00e9rience","robots":{"index":"index","follow":"follow","max-snippet":"max-snippet:-1","max-image-preview":"max-image-preview:large","max-video-preview":"max-video-preview:-1"},"canonical":"https:\/\/rj-experience.com\/index.php\/les-actualite\/","og_locale":"en_US","og_type":"article","og_title":"Les actualit\u00e9 - RJ Exp\u00e9rience","og_description":"Les actualit\u00e9s : comprendre le monde d\u2019aujourd\u2019hui Les actualit\u00e9s, aussi appel\u00e9es \u201cinfos\u201d, repr\u00e9sentent l\u2019ensemble des \u00e9v\u00e9nements r\u00e9cents qui se passent dans le monde. Elles nous permettent de rester inform\u00e9s sur ce qui se passe autour de nous : dans notre pays, mais aussi \u00e0 l\u2019international. Aujourd\u2019hui, gr\u00e2ce \u00e0 Internet, aux r\u00e9seaux sociaux et \u00e0 la [&hellip;]","og_url":"https:\/\/rj-experience.com\/index.php\/les-actualite\/","og_site_name":"RJ Exp\u00e9rience","article_modified_time":"2026-04-08T17:34:58+00:00","og_image":[{"url":"https:\/\/s.w.org\/images\/core\/emoji\/17.0.2\/svg\/1f4f0.svg","type":"","width":"","height":""}],"twitter_card":"summary_large_image","twitter_misc":{"Est. reading time":"6 minutes"},"schema":{"@context":"https:\/\/schema.org","@graph":[{"@type":"WebPage","@id":"https:\/\/rj-experience.com\/index.php\/les-actualite\/","url":"https:\/\/rj-experience.com\/index.php\/les-actualite\/","name":"Les actualit\u00e9 - RJ Exp\u00e9rience","isPartOf":{"@id":"https:\/\/rj-experience.com\/#website"},"primaryImageOfPage":{"@id":"https:\/\/rj-experience.com\/index.php\/les-actualite\/#primaryimage"},"image":{"@id":"https:\/\/rj-experience.com\/index.php\/les-actualite\/#primaryimage"},"thumbnailUrl":"https:\/\/s.w.org\/images\/core\/emoji\/17.0.2\/svg\/1f4f0.svg","datePublished":"2026-04-08T17:26:51+00:00","dateModified":"2026-04-08T17:34:58+00:00","breadcrumb":{"@id":"https:\/\/rj-experience.com\/index.php\/les-actualite\/#breadcrumb"},"inLanguage":"en-US","potentialAction":[{"@type":"ReadAction","target":["https:\/\/rj-experience.com\/index.php\/les-actualite\/"]}]},{"@type":"ImageObject","inLanguage":"en-US","@id":"https:\/\/rj-experience.com\/index.php\/les-actualite\/#primaryimage","url":"https:\/\/s.w.org\/images\/core\/emoji\/17.0.2\/svg\/1f4f0.svg","contentUrl":"https:\/\/s.w.org\/images\/core\/emoji\/17.0.2\/svg\/1f4f0.svg"},{"@type":"BreadcrumbList","@id":"https:\/\/rj-experience.com\/index.php\/les-actualite\/#breadcrumb","itemListElement":[{"@type":"ListItem","position":1,"name":"Home","item":"https:\/\/rj-experience.com\/"},{"@type":"ListItem","position":2,"name":"Les actualit\u00e9"}]},{"@type":"WebSite","@id":"https:\/\/rj-experience.com\/#website","url":"https:\/\/rj-experience.com\/","name":"RJ Exp\u00e9rience","description":"","publisher":{"@id":"https:\/\/rj-experience.com\/#organization"},"potentialAction":[{"@type":"SearchAction","target":{"@type":"EntryPoint","urlTemplate":"https:\/\/rj-experience.com\/?s={search_term_string}"},"query-input":{"@type":"PropertyValueSpecification","valueRequired":true,"valueName":"search_term_string"}}],"inLanguage":"en-US"},{"@type":"Organization","@id":"https:\/\/rj-experience.com\/#organization","name":"RJ Exp\u00e9rience","url":"https:\/\/rj-experience.com\/","logo":{"@type":"ImageObject","inLanguage":"en-US","@id":"https:\/\/rj-experience.com\/#\/schema\/logo\/image\/","url":"https:\/\/rj-experience.com\/wp-content\/uploads\/2025\/10\/cropped-ChatGPT-Image-28-oct.-2025-18_28_26.png","contentUrl":"https:\/\/rj-experience.com\/wp-content\/uploads\/2025\/10\/cropped-ChatGPT-Image-28-oct.-2025-18_28_26.png","width":512,"height":512,"caption":"RJ Exp\u00e9rience"},"image":{"@id":"https:\/\/rj-experience.com\/#\/schema\/logo\/image\/"}}]}},"_links":{"self":[{"href":"https:\/\/rj-experience.com\/index.php\/wp-json\/wp\/v2\/pages\/2083","targetHints":{"allow":["GET"]}}],"collection":[{"href":"https:\/\/rj-experience.com\/index.php\/wp-json\/wp\/v2\/pages"}],"about":[{"href":"https:\/\/rj-experience.com\/index.php\/wp-json\/wp\/v2\/types\/page"}],"author":[{"embeddable":true,"href":"https:\/\/rj-experience.com\/index.php\/wp-json\/wp\/v2\/users\/1"}],"replies":[{"embeddable":true,"href":"https:\/\/rj-experience.com\/index.php\/wp-json\/wp\/v2\/comments?post=2083"}],"version-history":[{"count":4,"href":"https:\/\/rj-experience.com\/index.php\/wp-json\/wp\/v2\/pages\/2083\/revisions"}],"predecessor-version":[{"id":2102,"href":"https:\/\/rj-experience.com\/index.php\/wp-json\/wp\/v2\/pages\/2083\/revisions\/2102"}],"wp:attachment":[{"href":"https:\/\/rj-experience.com\/index.php\/wp-json\/wp\/v2\/media?parent=2083"}],"curies":[{"name":"wp","href":"https:\/\/api.w.org\/{rel}","templated":true}]}}