{"id":2022,"date":"2026-02-02T17:57:53","date_gmt":"2026-02-02T17:57:53","guid":{"rendered":"https:\/\/rj-experience.com\/?page_id=2022"},"modified":"2026-02-02T18:00:23","modified_gmt":"2026-02-02T18:00:23","slug":"elementor-2022","status":"publish","type":"page","link":"https:\/\/rj-experience.com\/index.php\/elementor-2022\/","title":{"rendered":"Explorer l\u2019univers scientifique"},"content":{"rendered":"\t\t<div data-elementor-type=\"wp-page\" data-elementor-id=\"2022\" class=\"elementor elementor-2022\">\n\t\t\t\t<div class=\"elementor-element elementor-element-db513aa e-flex e-con-boxed e-con e-parent\" data-id=\"db513aa\" data-element_type=\"container\">\n\t\t\t\t\t<div class=\"e-con-inner\">\n\t\t\t\t<div class=\"elementor-element elementor-element-7ce346b elementor-widget elementor-widget-text-editor\" data-id=\"7ce346b\" data-element_type=\"widget\" data-widget_type=\"text-editor.default\">\n\t\t\t\t\t\t\t\t\t<h3 data-start=\"174\" data-end=\"211\">Explorer l\u2019univers scientifique<\/h3><p data-start=\"213\" data-end=\"494\">La science est une aventure sans fin, une exploration constante qui nous permet de comprendre le monde qui nous entoure. Depuis les plus petites particules de mati\u00e8re jusqu\u2019aux galaxies lointaines, la science ouvre des portes vers l\u2019inconnu et nous montre comment tout est reli\u00e9.<\/p><p data-start=\"496\" data-end=\"860\">En explorant l\u2019univers scientifique, nous d\u00e9couvrons comment fonctionne la vie, comment les lois de la nature r\u00e9gissent l\u2019univers et comment les technologies modernes transforment notre quotidien. Les laboratoires, les microscopes, les t\u00e9lescopes et les exp\u00e9riences ne sont pas seulement des outils : ce sont des passerelles vers la connaissance et l\u2019innovation.<\/p><p data-start=\"862\" data-end=\"1219\">Chaque d\u00e9couverte scientifique, qu\u2019elle soit dans le domaine de la biologie, de la physique, de la chimie ou de l\u2019astronomie, nous rapproche un peu plus de la compr\u00e9hension de notre monde. Les exp\u00e9riences en laboratoire r\u00e9v\u00e8lent des secrets invisibles \u00e0 l\u2019\u0153il nu, tandis que l\u2019observation de l\u2019espace nous montre l\u2019immensit\u00e9 et la complexit\u00e9 de l\u2019univers.<\/p><p data-start=\"1221\" data-end=\"1559\">Explorer la science, c\u2019est aussi \u00e9veiller notre curiosit\u00e9 et notre esprit critique. C\u2019est apprendre \u00e0 poser des questions, \u00e0 chercher des r\u00e9ponses et \u00e0 ne jamais se contenter d\u2019une explication superficielle. C\u2019est comprendre que chaque atome, chaque mol\u00e9cule et chaque plan\u00e8te a sa place dans un vaste r\u00e9seau d\u2019interactions fascinantes.<\/p><p data-start=\"1561\" data-end=\"1854\">En fin de compte, l\u2019exploration scientifique nous rappelle que le monde est rempli de merveilles et de myst\u00e8res. Elle nous inspire \u00e0 continuer \u00e0 apprendre, \u00e0 exp\u00e9rimenter et \u00e0 r\u00eaver. Car la science n\u2019est pas seulement un savoir : c\u2019est une invitation \u00e0 l\u2019aventure et \u00e0 la d\u00e9couverte infinie.<\/p>\t\t\t\t\t\t\t\t<\/div>\n\t\t\t\t\t<\/div>\n\t\t\t\t<\/div>\n\t\t\t\t<\/div>\n\t\t","protected":false},"excerpt":{"rendered":"<p>Explorer l\u2019univers scientifique La science est une aventure sans fin, une exploration constante qui nous permet de comprendre le monde qui nous entoure. Depuis les plus petites particules de mati\u00e8re jusqu\u2019aux galaxies lointaines, la science ouvre des portes vers l\u2019inconnu et nous montre comment tout est reli\u00e9. En explorant l\u2019univers scientifique, nous d\u00e9couvrons comment fonctionne [&hellip;]<\/p>\n","protected":false},"author":1,"featured_media":0,"parent":0,"menu_order":0,"comment_status":"closed","ping_status":"closed","template":"","meta":{"footnotes":""},"class_list":["post-2022","page","type-page","status-publish","hentry"],"yoast_head":"<!-- This site is optimized with the Yoast SEO plugin v26.2 - https:\/\/yoast.com\/wordpress\/plugins\/seo\/ -->\n<title>Explorer l\u2019univers scientifique - RJ Exp\u00e9rience<\/title>\n<meta name=\"robots\" content=\"index, follow, max-snippet:-1, max-image-preview:large, max-video-preview:-1\" \/>\n<link rel=\"canonical\" href=\"https:\/\/rj-experience.com\/index.php\/elementor-2022\/\" \/>\n<meta property=\"og:locale\" content=\"en_US\" \/>\n<meta property=\"og:type\" content=\"article\" \/>\n<meta property=\"og:title\" content=\"Explorer l\u2019univers scientifique - RJ Exp\u00e9rience\" \/>\n<meta property=\"og:description\" content=\"Explorer l\u2019univers scientifique La science est une aventure sans fin, une exploration constante qui nous permet de comprendre le monde qui nous entoure. Depuis les plus petites particules de mati\u00e8re jusqu\u2019aux galaxies lointaines, la science ouvre des portes vers l\u2019inconnu et nous montre comment tout est reli\u00e9. En explorant l\u2019univers scientifique, nous d\u00e9couvrons comment fonctionne [&hellip;]\" \/>\n<meta property=\"og:url\" content=\"https:\/\/rj-experience.com\/index.php\/elementor-2022\/\" \/>\n<meta property=\"og:site_name\" content=\"RJ Exp\u00e9rience\" \/>\n<meta property=\"article:modified_time\" content=\"2026-02-02T18:00:23+00:00\" \/>\n<meta name=\"twitter:card\" content=\"summary_large_image\" \/>\n<meta name=\"twitter:label1\" content=\"Est. reading time\" \/>\n\t<meta name=\"twitter:data1\" content=\"2 minutes\" \/>\n<script type=\"application\/ld+json\" class=\"yoast-schema-graph\">{\"@context\":\"https:\/\/schema.org\",\"@graph\":[{\"@type\":\"WebPage\",\"@id\":\"https:\/\/rj-experience.com\/index.php\/elementor-2022\/\",\"url\":\"https:\/\/rj-experience.com\/index.php\/elementor-2022\/\",\"name\":\"Explorer l\u2019univers scientifique - RJ Exp\u00e9rience\",\"isPartOf\":{\"@id\":\"https:\/\/rj-experience.com\/#website\"},\"datePublished\":\"2026-02-02T17:57:53+00:00\",\"dateModified\":\"2026-02-02T18:00:23+00:00\",\"breadcrumb\":{\"@id\":\"https:\/\/rj-experience.com\/index.php\/elementor-2022\/#breadcrumb\"},\"inLanguage\":\"en-US\",\"potentialAction\":[{\"@type\":\"ReadAction\",\"target\":[\"https:\/\/rj-experience.com\/index.php\/elementor-2022\/\"]}]},{\"@type\":\"BreadcrumbList\",\"@id\":\"https:\/\/rj-experience.com\/index.php\/elementor-2022\/#breadcrumb\",\"itemListElement\":[{\"@type\":\"ListItem\",\"position\":1,\"name\":\"Home\",\"item\":\"https:\/\/rj-experience.com\/\"},{\"@type\":\"ListItem\",\"position\":2,\"name\":\"Explorer l\u2019univers scientifique\"}]},{\"@type\":\"WebSite\",\"@id\":\"https:\/\/rj-experience.com\/#website\",\"url\":\"https:\/\/rj-experience.com\/\",\"name\":\"RJ Exp\u00e9rience\",\"description\":\"\",\"publisher\":{\"@id\":\"https:\/\/rj-experience.com\/#organization\"},\"potentialAction\":[{\"@type\":\"SearchAction\",\"target\":{\"@type\":\"EntryPoint\",\"urlTemplate\":\"https:\/\/rj-experience.com\/?s={search_term_string}\"},\"query-input\":{\"@type\":\"PropertyValueSpecification\",\"valueRequired\":true,\"valueName\":\"search_term_string\"}}],\"inLanguage\":\"en-US\"},{\"@type\":\"Organization\",\"@id\":\"https:\/\/rj-experience.com\/#organization\",\"name\":\"RJ Exp\u00e9rience\",\"url\":\"https:\/\/rj-experience.com\/\",\"logo\":{\"@type\":\"ImageObject\",\"inLanguage\":\"en-US\",\"@id\":\"https:\/\/rj-experience.com\/#\/schema\/logo\/image\/\",\"url\":\"https:\/\/rj-experience.com\/wp-content\/uploads\/2025\/10\/cropped-ChatGPT-Image-28-oct.-2025-18_28_26.png\",\"contentUrl\":\"https:\/\/rj-experience.com\/wp-content\/uploads\/2025\/10\/cropped-ChatGPT-Image-28-oct.-2025-18_28_26.png\",\"width\":512,\"height\":512,\"caption\":\"RJ Exp\u00e9rience\"},\"image\":{\"@id\":\"https:\/\/rj-experience.com\/#\/schema\/logo\/image\/\"}}]}<\/script>\n<!-- \/ Yoast SEO plugin. -->","yoast_head_json":{"title":"Explorer l\u2019univers scientifique - RJ Exp\u00e9rience","robots":{"index":"index","follow":"follow","max-snippet":"max-snippet:-1","max-image-preview":"max-image-preview:large","max-video-preview":"max-video-preview:-1"},"canonical":"https:\/\/rj-experience.com\/index.php\/elementor-2022\/","og_locale":"en_US","og_type":"article","og_title":"Explorer l\u2019univers scientifique - RJ Exp\u00e9rience","og_description":"Explorer l\u2019univers scientifique La science est une aventure sans fin, une exploration constante qui nous permet de comprendre le monde qui nous entoure. Depuis les plus petites particules de mati\u00e8re jusqu\u2019aux galaxies lointaines, la science ouvre des portes vers l\u2019inconnu et nous montre comment tout est reli\u00e9. En explorant l\u2019univers scientifique, nous d\u00e9couvrons comment fonctionne [&hellip;]","og_url":"https:\/\/rj-experience.com\/index.php\/elementor-2022\/","og_site_name":"RJ Exp\u00e9rience","article_modified_time":"2026-02-02T18:00:23+00:00","twitter_card":"summary_large_image","twitter_misc":{"Est. reading time":"2 minutes"},"schema":{"@context":"https:\/\/schema.org","@graph":[{"@type":"WebPage","@id":"https:\/\/rj-experience.com\/index.php\/elementor-2022\/","url":"https:\/\/rj-experience.com\/index.php\/elementor-2022\/","name":"Explorer l\u2019univers scientifique - RJ Exp\u00e9rience","isPartOf":{"@id":"https:\/\/rj-experience.com\/#website"},"datePublished":"2026-02-02T17:57:53+00:00","dateModified":"2026-02-02T18:00:23+00:00","breadcrumb":{"@id":"https:\/\/rj-experience.com\/index.php\/elementor-2022\/#breadcrumb"},"inLanguage":"en-US","potentialAction":[{"@type":"ReadAction","target":["https:\/\/rj-experience.com\/index.php\/elementor-2022\/"]}]},{"@type":"BreadcrumbList","@id":"https:\/\/rj-experience.com\/index.php\/elementor-2022\/#breadcrumb","itemListElement":[{"@type":"ListItem","position":1,"name":"Home","item":"https:\/\/rj-experience.com\/"},{"@type":"ListItem","position":2,"name":"Explorer l\u2019univers scientifique"}]},{"@type":"WebSite","@id":"https:\/\/rj-experience.com\/#website","url":"https:\/\/rj-experience.com\/","name":"RJ Exp\u00e9rience","description":"","publisher":{"@id":"https:\/\/rj-experience.com\/#organization"},"potentialAction":[{"@type":"SearchAction","target":{"@type":"EntryPoint","urlTemplate":"https:\/\/rj-experience.com\/?s={search_term_string}"},"query-input":{"@type":"PropertyValueSpecification","valueRequired":true,"valueName":"search_term_string"}}],"inLanguage":"en-US"},{"@type":"Organization","@id":"https:\/\/rj-experience.com\/#organization","name":"RJ Exp\u00e9rience","url":"https:\/\/rj-experience.com\/","logo":{"@type":"ImageObject","inLanguage":"en-US","@id":"https:\/\/rj-experience.com\/#\/schema\/logo\/image\/","url":"https:\/\/rj-experience.com\/wp-content\/uploads\/2025\/10\/cropped-ChatGPT-Image-28-oct.-2025-18_28_26.png","contentUrl":"https:\/\/rj-experience.com\/wp-content\/uploads\/2025\/10\/cropped-ChatGPT-Image-28-oct.-2025-18_28_26.png","width":512,"height":512,"caption":"RJ Exp\u00e9rience"},"image":{"@id":"https:\/\/rj-experience.com\/#\/schema\/logo\/image\/"}}]}},"_links":{"self":[{"href":"https:\/\/rj-experience.com\/index.php\/wp-json\/wp\/v2\/pages\/2022","targetHints":{"allow":["GET"]}}],"collection":[{"href":"https:\/\/rj-experience.com\/index.php\/wp-json\/wp\/v2\/pages"}],"about":[{"href":"https:\/\/rj-experience.com\/index.php\/wp-json\/wp\/v2\/types\/page"}],"author":[{"embeddable":true,"href":"https:\/\/rj-experience.com\/index.php\/wp-json\/wp\/v2\/users\/1"}],"replies":[{"embeddable":true,"href":"https:\/\/rj-experience.com\/index.php\/wp-json\/wp\/v2\/comments?post=2022"}],"version-history":[{"count":8,"href":"https:\/\/rj-experience.com\/index.php\/wp-json\/wp\/v2\/pages\/2022\/revisions"}],"predecessor-version":[{"id":2030,"href":"https:\/\/rj-experience.com\/index.php\/wp-json\/wp\/v2\/pages\/2022\/revisions\/2030"}],"wp:attachment":[{"href":"https:\/\/rj-experience.com\/index.php\/wp-json\/wp\/v2\/media?parent=2022"}],"curies":[{"name":"wp","href":"https:\/\/api.w.org\/{rel}","templated":true}]}}