{"id":1722,"date":"2025-12-31T22:13:24","date_gmt":"2025-12-31T22:13:24","guid":{"rendered":"https:\/\/rj-experience.com\/?page_id=1722"},"modified":"2026-01-12T16:13:45","modified_gmt":"2026-01-12T16:13:45","slug":"les-meilleurs-prompts-pour-gagner-2h-par-jour","status":"publish","type":"page","link":"https:\/\/rj-experience.com\/index.php\/les-meilleurs-prompts-pour-gagner-2h-par-jour\/","title":{"rendered":"Les meilleurs &#8220;prompts&#8221; pour gagner 2h par jour"},"content":{"rendered":"\t\t<div data-elementor-type=\"wp-page\" data-elementor-id=\"1722\" class=\"elementor elementor-1722\">\n\t\t\t\t<div class=\"elementor-element elementor-element-f9cffbb e-flex e-con-boxed e-con e-parent\" data-id=\"f9cffbb\" data-element_type=\"container\">\n\t\t\t\t\t<div class=\"e-con-inner\">\n\t\t\t\t<div class=\"elementor-element elementor-element-240a206 elementor-widget elementor-widget-text-editor\" data-id=\"240a206\" data-element_type=\"widget\" data-widget_type=\"text-editor.default\">\n\t\t\t\t\t\t\t\t\t<h1 data-start=\"358\" data-end=\"411\">\u00a0 Les meilleurs prompts pour gagner 2\u00a0 \u00a0 \u00a0 \u00a0 \u00a0 \u00a0 \u00a0 \u00a0 \u00a0 \u00a0 \u00a0 \u00a0 \u00a0 \u00a0 heures par jour<\/h1><p data-start=\"413\" data-end=\"861\">Dans un monde o\u00f9 chaque minute compte, savoir <strong data-start=\"459\" data-end=\"482\">optimiser son temps<\/strong> est devenu une comp\u00e9tence essentielle. Pourtant, beaucoup de personnes passent encore des heures \u00e0 effectuer des t\u00e2ches r\u00e9p\u00e9titives, \u00e0 chercher des informations ou \u00e0 r\u00e9diger des contenus qui pourraient \u00eatre g\u00e9n\u00e9r\u00e9s automatiquement. Heureusement, avec les bons prompts pour l\u2019IA, il est possible de <strong data-start=\"781\" data-end=\"817\">gagner jusqu\u2019\u00e0 2 heures par jour<\/strong>, sans changer radicalement vos habitudes.<\/p><h2 data-start=\"863\" data-end=\"918\">Qu\u2019est-ce qu\u2019un prompt et pourquoi c\u2019est important ?<\/h2><p data-start=\"920\" data-end=\"1133\">Un prompt, c\u2019est une <strong data-start=\"941\" data-end=\"978\">instruction pr\u00e9cise donn\u00e9e \u00e0 l\u2019IA<\/strong> pour obtenir une r\u00e9ponse sp\u00e9cifique. La qualit\u00e9 de la r\u00e9ponse d\u00e9pend directement de la pr\u00e9cision et de la structure du prompt. Un bon prompt permet de :<\/p><ul data-start=\"1135\" data-end=\"1354\"><li data-start=\"1135\" data-end=\"1185\"><p data-start=\"1137\" data-end=\"1185\">Obtenir des r\u00e9ponses <strong data-start=\"1158\" data-end=\"1183\">claires et imm\u00e9diates<\/strong><\/p><\/li><li data-start=\"1186\" data-end=\"1224\"><p data-start=\"1188\" data-end=\"1224\">Automatiser des t\u00e2ches r\u00e9p\u00e9titives<\/p><\/li><li data-start=\"1225\" data-end=\"1279\"><p data-start=\"1227\" data-end=\"1279\">Gagner du temps sur la <strong data-start=\"1250\" data-end=\"1277\">recherche d\u2019information<\/strong><\/p><\/li><li data-start=\"1280\" data-end=\"1312\"><p data-start=\"1282\" data-end=\"1312\">R\u00e9duire les erreurs humaines<\/p><\/li><li data-start=\"1313\" data-end=\"1354\"><p data-start=\"1315\" data-end=\"1354\">Am\u00e9liorer la <strong data-start=\"1328\" data-end=\"1352\">productivit\u00e9 globale<\/strong><\/p><\/li><\/ul><p data-start=\"1356\" data-end=\"1536\">En d\u2019autres termes, un prompt bien con\u00e7u transforme l\u2019IA en <strong data-start=\"1416\" data-end=\"1454\">assistant personnel hyper efficace<\/strong>, capable de g\u00e9rer des t\u00e2ches qui prendraient normalement des dizaines de minutes.<\/p><h2 data-start=\"1538\" data-end=\"1586\">Comment les prompts vous font gagner du temps<\/h2><p data-start=\"1588\" data-end=\"1958\">Imaginez ceci : au lieu de passer 30 minutes \u00e0 r\u00e9diger un e-mail professionnel, un bon prompt vous permet de g\u00e9n\u00e9rer un texte complet en <strong data-start=\"1725\" data-end=\"1747\">moins d\u2019une minute<\/strong>. Au lieu de passer 1 heure \u00e0 rechercher des informations pour un projet, l\u2019IA peut vous fournir un <strong data-start=\"1847\" data-end=\"1878\">r\u00e9sum\u00e9 complet et structur\u00e9<\/strong> en quelques secondes. Ces \u00e9conomies de temps peuvent s\u2019accumuler rapidement :<\/p><ul data-start=\"1960\" data-end=\"2130\"><li data-start=\"1960\" data-end=\"1995\"><p data-start=\"1962\" data-end=\"1995\">30 minutes \u00e9conomis\u00e9es le matin<\/p><\/li><li data-start=\"1996\" data-end=\"2037\"><p data-start=\"1998\" data-end=\"2037\">20 minutes sur la r\u00e9daction d\u2019e-mails<\/p><\/li><li data-start=\"2038\" data-end=\"2084\"><p data-start=\"2040\" data-end=\"2084\">15 minutes sur la recherche d\u2019informations<\/p><\/li><li data-start=\"2085\" data-end=\"2130\"><p data-start=\"2087\" data-end=\"2130\">10 minutes sur la planification de t\u00e2ches<\/p><\/li><\/ul><p data-start=\"2132\" data-end=\"2272\">Au total, cela repr\u00e9sente <strong data-start=\"2158\" data-end=\"2187\">plus de 2 heures par jour<\/strong> que vous pouvez consacrer \u00e0 des activit\u00e9s plus importantes, cr\u00e9atives ou relaxantes.<\/p><h2 data-start=\"2274\" data-end=\"2315\">Exemples concrets de prompts efficaces<\/h2><p data-start=\"2317\" data-end=\"2406\">Voici quelques exemples de prompts qui peuvent r\u00e9ellement transformer votre quotidien :<\/p><ol data-start=\"2408\" data-end=\"3008\"><li data-start=\"2408\" data-end=\"2582\"><p data-start=\"2411\" data-end=\"2582\"><strong data-start=\"2411\" data-end=\"2432\">Pour la r\u00e9daction<\/strong> :<br data-start=\"2434\" data-end=\"2437\" \/><em data-start=\"2440\" data-end=\"2580\">\u201cR\u00e9dige un e-mail professionnel pour inviter des partenaires \u00e0 un \u00e9v\u00e9nement, en utilisant un ton cordial et persuasif, limit\u00e9 \u00e0 150 mots.\u201d<\/em><\/p><\/li><li data-start=\"2584\" data-end=\"2707\"><p data-start=\"2587\" data-end=\"2707\"><strong data-start=\"2587\" data-end=\"2608\">Pour la recherche<\/strong> :<br data-start=\"2610\" data-end=\"2613\" \/><em data-start=\"2616\" data-end=\"2705\">\u201cR\u00e9sume les 5 points essentiels de cet article de 10 pages et explique-les simplement.\u201d<\/em><\/p><\/li><li data-start=\"2709\" data-end=\"2855\"><p data-start=\"2712\" data-end=\"2855\"><strong data-start=\"2712\" data-end=\"2734\">Pour la cr\u00e9ativit\u00e9<\/strong> :<br data-start=\"2736\" data-end=\"2739\" \/><em data-start=\"2742\" data-end=\"2853\">\u201cPropose 10 id\u00e9es de posts Instagram pour promouvoir un produit tech, avec un ton humoristique et engageant.\u201d<\/em><\/p><\/li><li data-start=\"2857\" data-end=\"3008\"><p data-start=\"2860\" data-end=\"3008\"><strong data-start=\"2860\" data-end=\"2883\">Pour l\u2019organisation<\/strong> :<br data-start=\"2885\" data-end=\"2888\" \/><em data-start=\"2891\" data-end=\"3006\">\u201cCr\u00e9e un planning hebdomadaire pour une personne travaillant 40h\/semaine, incluant pauses, sport et temps libre.\u201d<\/em><\/p><\/li><\/ol><p data-start=\"3010\" data-end=\"3159\">En utilisant ces prompts, vous laissez l\u2019IA faire le travail r\u00e9p\u00e9titif, et vous concentrez votre \u00e9nergie sur ce qui <strong data-start=\"3126\" data-end=\"3158\">ajoute vraiment de la valeur<\/strong>.<\/p><h2 data-start=\"3161\" data-end=\"3200\">Les avantages invisibles des prompts<\/h2><p data-start=\"3202\" data-end=\"3270\">Au-del\u00e0 du temps gagn\u00e9, les prompts apportent d\u2019autres b\u00e9n\u00e9fices :<\/p><ul data-start=\"3272\" data-end=\"3641\"><li data-start=\"3272\" data-end=\"3351\"><p data-start=\"3274\" data-end=\"3351\"><strong data-start=\"3274\" data-end=\"3293\">Moins de stress<\/strong> : vous n\u2019\u00eates plus submerg\u00e9 par les t\u00e2ches chronophages<\/p><\/li><li data-start=\"3352\" data-end=\"3443\"><p data-start=\"3354\" data-end=\"3443\"><strong data-start=\"3354\" data-end=\"3376\">Plus de cr\u00e9ativit\u00e9<\/strong> : l\u2019IA peut g\u00e9n\u00e9rer des id\u00e9es auxquelles vous n\u2019auriez pas pens\u00e9<\/p><\/li><li data-start=\"3444\" data-end=\"3518\"><p data-start=\"3446\" data-end=\"3518\"><strong data-start=\"3446\" data-end=\"3472\">Meilleure organisation<\/strong> : tout est structur\u00e9 et clair d\u00e8s le d\u00e9part<\/p><\/li><li data-start=\"3519\" data-end=\"3641\"><p data-start=\"3521\" data-end=\"3641\"><strong data-start=\"3521\" data-end=\"3544\">Productivit\u00e9 accrue<\/strong> : en automatisant les t\u00e2ches simples, vous pouvez vous concentrer sur des projets strat\u00e9giques<\/p><\/li><\/ul><p data-start=\"3643\" data-end=\"3770\">Ces avantages se traduisent par une <strong data-start=\"3679\" data-end=\"3698\">libert\u00e9 mentale<\/strong> qui vous permet de travailler plus intelligemment et non plus durement.<\/p><h2 data-start=\"3772\" data-end=\"3833\">Pourquoi certains prompts sont plus efficaces que d\u2019autres<\/h2><p data-start=\"3835\" data-end=\"4058\">Tous les prompts ne se valent pas. Un prompt vague donnera des r\u00e9ponses approximatives, tandis qu\u2019un prompt pr\u00e9cis et bien structur\u00e9 donnera des r\u00e9sultats <strong data-start=\"3990\" data-end=\"4018\">imm\u00e9diats et utilisables<\/strong>. Les cl\u00e9s d\u2019un prompt efficace sont :<\/p><ul data-start=\"4060\" data-end=\"4340\"><li data-start=\"4060\" data-end=\"4118\"><p data-start=\"4062\" data-end=\"4118\"><strong data-start=\"4062\" data-end=\"4075\">Pr\u00e9cision<\/strong> : indiquez exactement ce que vous voulez<\/p><\/li><li data-start=\"4119\" data-end=\"4187\"><p data-start=\"4121\" data-end=\"4187\"><strong data-start=\"4121\" data-end=\"4133\">Contexte<\/strong> : donnez toutes les informations n\u00e9cessaires \u00e0 l\u2019IA<\/p><\/li><li data-start=\"4188\" data-end=\"4268\"><p data-start=\"4190\" data-end=\"4268\"><strong data-start=\"4190\" data-end=\"4209\">Format souhait\u00e9<\/strong> : pr\u00e9cisez le style, le ton ou la longueur de la r\u00e9ponse<\/p><\/li><li data-start=\"4269\" data-end=\"4340\"><p data-start=\"4271\" data-end=\"4340\"><strong data-start=\"4271\" data-end=\"4289\">Objectif clair<\/strong> : expliquez pourquoi vous demandez cette r\u00e9ponse<\/p><\/li><\/ul><p data-start=\"4342\" data-end=\"4488\">En ma\u00eetrisant ces \u00e9l\u00e9ments, vous pouvez <strong data-start=\"4382\" data-end=\"4427\">transformer l\u2019IA en un v\u00e9ritable copilote<\/strong>, capable de vous faire gagner un temps pr\u00e9cieux chaque jour.<\/p><h2 data-start=\"4490\" data-end=\"4540\">Comment int\u00e9grer ces prompts dans votre routine<\/h2><p data-start=\"4542\" data-end=\"4710\">Pour vraiment gagner 2 heures par jour, il ne suffit pas de conna\u00eetre les prompts : il faut les <strong data-start=\"4638\" data-end=\"4681\">int\u00e9grer dans votre routine quotidienne<\/strong>. Voici quelques conseils :<\/p><ol data-start=\"4712\" data-end=\"5115\"><li data-start=\"4712\" data-end=\"4783\"><p data-start=\"4715\" data-end=\"4783\"><strong data-start=\"4715\" data-end=\"4752\">Identifiez les t\u00e2ches r\u00e9p\u00e9titives<\/strong> que vous faites chaque jour.<\/p><\/li><li data-start=\"4784\" data-end=\"4835\"><p data-start=\"4787\" data-end=\"4835\"><strong data-start=\"4787\" data-end=\"4816\">Cr\u00e9ez des prompts adapt\u00e9s<\/strong> pour ces t\u00e2ches.<\/p><\/li><li data-start=\"4836\" data-end=\"4930\"><p data-start=\"4839\" data-end=\"4930\"><strong data-start=\"4839\" data-end=\"4879\">Automatisez la g\u00e9n\u00e9ration de contenu<\/strong> ou la recherche d\u2019informations avec ces prompts.<\/p><\/li><li data-start=\"4931\" data-end=\"5024\"><p data-start=\"4934\" data-end=\"5024\"><strong data-start=\"4934\" data-end=\"4956\">\u00c9valuez et ajustez<\/strong> vos prompts chaque semaine pour les rendre encore plus efficaces.<\/p><\/li><li data-start=\"5025\" data-end=\"5115\"><p data-start=\"5028\" data-end=\"5115\"><strong data-start=\"5028\" data-end=\"5056\">Consacrez le temps gagn\u00e9<\/strong> \u00e0 des activit\u00e9s strat\u00e9giques, cr\u00e9atives ou personnelles.<\/p><\/li><\/ol><p data-start=\"5117\" data-end=\"5237\">Avec cette m\u00e9thode, vous verrez rapidement une diff\u00e9rence significative dans votre productivit\u00e9 et votre qualit\u00e9 de vie.<\/p><h2 data-start=\"5239\" data-end=\"5291\">Conclusion : reprendre le contr\u00f4le de votre temps<\/h2><p data-start=\"5293\" data-end=\"5663\">Les prompts ne sont pas simplement un outil technologique : ce sont des <strong data-start=\"5365\" data-end=\"5400\">multiplicateurs de productivit\u00e9<\/strong>. En les utilisant correctement, vous pouvez <strong data-start=\"5445\" data-end=\"5510\">lib\u00e9rer du temps, r\u00e9duire le stress et augmenter votre impact<\/strong>. Chaque minute \u00e9conomis\u00e9e est une minute que vous pouvez consacrer \u00e0 ce qui compte vraiment, que ce soit votre travail, vos passions ou votre famille.<\/p><p data-start=\"5665\" data-end=\"5893\">Adopter les meilleurs prompts, c\u2019est faire le choix de <strong data-start=\"5720\" data-end=\"5776\">travailler plus intelligemment, et non plus durement<\/strong>, et c\u2019est ainsi que vous pouvez r\u00e9ellement <strong data-start=\"5820\" data-end=\"5848\">gagner 2 heures par jour<\/strong>, tous les jours, sans effort suppl\u00e9mentaire.<\/p>\t\t\t\t\t\t\t\t<\/div>\n\t\t\t\t\t<\/div>\n\t\t\t\t<\/div>\n\t\t\t\t<\/div>\n\t\t","protected":false},"excerpt":{"rendered":"<p>\u00a0 Les meilleurs prompts pour gagner 2\u00a0 \u00a0 \u00a0 \u00a0 \u00a0 \u00a0 \u00a0 \u00a0 \u00a0 \u00a0 \u00a0 \u00a0 \u00a0 \u00a0 heures par jour Dans un monde o\u00f9 chaque minute compte, savoir optimiser son temps est devenu une comp\u00e9tence essentielle. Pourtant, beaucoup de personnes passent encore des heures \u00e0 effectuer des t\u00e2ches r\u00e9p\u00e9titives, \u00e0 chercher des [&hellip;]<\/p>\n","protected":false},"author":1,"featured_media":0,"parent":0,"menu_order":0,"comment_status":"closed","ping_status":"closed","template":"","meta":{"footnotes":""},"class_list":["post-1722","page","type-page","status-publish","hentry"],"yoast_head":"<!-- This site is optimized with the Yoast SEO plugin v26.2 - https:\/\/yoast.com\/wordpress\/plugins\/seo\/ -->\n<title>Les meilleurs &quot;prompts&quot; pour gagner 2h par jour - RJ Exp\u00e9rience<\/title>\n<meta name=\"robots\" content=\"index, follow, max-snippet:-1, max-image-preview:large, max-video-preview:-1\" \/>\n<link rel=\"canonical\" href=\"https:\/\/rj-experience.com\/index.php\/les-meilleurs-prompts-pour-gagner-2h-par-jour\/\" \/>\n<meta property=\"og:locale\" content=\"en_US\" \/>\n<meta property=\"og:type\" content=\"article\" \/>\n<meta property=\"og:title\" content=\"Les meilleurs &quot;prompts&quot; pour gagner 2h par jour - RJ Exp\u00e9rience\" \/>\n<meta property=\"og:description\" content=\"\u00a0 Les meilleurs prompts pour gagner 2\u00a0 \u00a0 \u00a0 \u00a0 \u00a0 \u00a0 \u00a0 \u00a0 \u00a0 \u00a0 \u00a0 \u00a0 \u00a0 \u00a0 heures par jour Dans un monde o\u00f9 chaque minute compte, savoir optimiser son temps est devenu une comp\u00e9tence essentielle. Pourtant, beaucoup de personnes passent encore des heures \u00e0 effectuer des t\u00e2ches r\u00e9p\u00e9titives, \u00e0 chercher des [&hellip;]\" \/>\n<meta property=\"og:url\" content=\"https:\/\/rj-experience.com\/index.php\/les-meilleurs-prompts-pour-gagner-2h-par-jour\/\" \/>\n<meta property=\"og:site_name\" content=\"RJ Exp\u00e9rience\" \/>\n<meta property=\"article:modified_time\" content=\"2026-01-12T16:13:45+00:00\" \/>\n<meta name=\"twitter:card\" content=\"summary_large_image\" \/>\n<meta name=\"twitter:label1\" content=\"Est. reading time\" \/>\n\t<meta name=\"twitter:data1\" content=\"4 minutes\" \/>\n<script type=\"application\/ld+json\" class=\"yoast-schema-graph\">{\"@context\":\"https:\/\/schema.org\",\"@graph\":[{\"@type\":\"WebPage\",\"@id\":\"https:\/\/rj-experience.com\/index.php\/les-meilleurs-prompts-pour-gagner-2h-par-jour\/\",\"url\":\"https:\/\/rj-experience.com\/index.php\/les-meilleurs-prompts-pour-gagner-2h-par-jour\/\",\"name\":\"Les meilleurs \\\"prompts\\\" pour gagner 2h par jour - RJ Exp\u00e9rience\",\"isPartOf\":{\"@id\":\"https:\/\/rj-experience.com\/#website\"},\"datePublished\":\"2025-12-31T22:13:24+00:00\",\"dateModified\":\"2026-01-12T16:13:45+00:00\",\"breadcrumb\":{\"@id\":\"https:\/\/rj-experience.com\/index.php\/les-meilleurs-prompts-pour-gagner-2h-par-jour\/#breadcrumb\"},\"inLanguage\":\"en-US\",\"potentialAction\":[{\"@type\":\"ReadAction\",\"target\":[\"https:\/\/rj-experience.com\/index.php\/les-meilleurs-prompts-pour-gagner-2h-par-jour\/\"]}]},{\"@type\":\"BreadcrumbList\",\"@id\":\"https:\/\/rj-experience.com\/index.php\/les-meilleurs-prompts-pour-gagner-2h-par-jour\/#breadcrumb\",\"itemListElement\":[{\"@type\":\"ListItem\",\"position\":1,\"name\":\"Home\",\"item\":\"https:\/\/rj-experience.com\/\"},{\"@type\":\"ListItem\",\"position\":2,\"name\":\"Les meilleurs &#8220;prompts&#8221; pour gagner 2h par jour\"}]},{\"@type\":\"WebSite\",\"@id\":\"https:\/\/rj-experience.com\/#website\",\"url\":\"https:\/\/rj-experience.com\/\",\"name\":\"RJ Exp\u00e9rience\",\"description\":\"\",\"publisher\":{\"@id\":\"https:\/\/rj-experience.com\/#organization\"},\"potentialAction\":[{\"@type\":\"SearchAction\",\"target\":{\"@type\":\"EntryPoint\",\"urlTemplate\":\"https:\/\/rj-experience.com\/?s={search_term_string}\"},\"query-input\":{\"@type\":\"PropertyValueSpecification\",\"valueRequired\":true,\"valueName\":\"search_term_string\"}}],\"inLanguage\":\"en-US\"},{\"@type\":\"Organization\",\"@id\":\"https:\/\/rj-experience.com\/#organization\",\"name\":\"RJ Exp\u00e9rience\",\"url\":\"https:\/\/rj-experience.com\/\",\"logo\":{\"@type\":\"ImageObject\",\"inLanguage\":\"en-US\",\"@id\":\"https:\/\/rj-experience.com\/#\/schema\/logo\/image\/\",\"url\":\"https:\/\/rj-experience.com\/wp-content\/uploads\/2025\/10\/cropped-ChatGPT-Image-28-oct.-2025-18_28_26.png\",\"contentUrl\":\"https:\/\/rj-experience.com\/wp-content\/uploads\/2025\/10\/cropped-ChatGPT-Image-28-oct.-2025-18_28_26.png\",\"width\":512,\"height\":512,\"caption\":\"RJ Exp\u00e9rience\"},\"image\":{\"@id\":\"https:\/\/rj-experience.com\/#\/schema\/logo\/image\/\"}}]}<\/script>\n<!-- \/ Yoast SEO plugin. -->","yoast_head_json":{"title":"Les meilleurs \"prompts\" pour gagner 2h par jour - RJ Exp\u00e9rience","robots":{"index":"index","follow":"follow","max-snippet":"max-snippet:-1","max-image-preview":"max-image-preview:large","max-video-preview":"max-video-preview:-1"},"canonical":"https:\/\/rj-experience.com\/index.php\/les-meilleurs-prompts-pour-gagner-2h-par-jour\/","og_locale":"en_US","og_type":"article","og_title":"Les meilleurs \"prompts\" pour gagner 2h par jour - RJ Exp\u00e9rience","og_description":"\u00a0 Les meilleurs prompts pour gagner 2\u00a0 \u00a0 \u00a0 \u00a0 \u00a0 \u00a0 \u00a0 \u00a0 \u00a0 \u00a0 \u00a0 \u00a0 \u00a0 \u00a0 heures par jour Dans un monde o\u00f9 chaque minute compte, savoir optimiser son temps est devenu une comp\u00e9tence essentielle. Pourtant, beaucoup de personnes passent encore des heures \u00e0 effectuer des t\u00e2ches r\u00e9p\u00e9titives, \u00e0 chercher des [&hellip;]","og_url":"https:\/\/rj-experience.com\/index.php\/les-meilleurs-prompts-pour-gagner-2h-par-jour\/","og_site_name":"RJ Exp\u00e9rience","article_modified_time":"2026-01-12T16:13:45+00:00","twitter_card":"summary_large_image","twitter_misc":{"Est. reading time":"4 minutes"},"schema":{"@context":"https:\/\/schema.org","@graph":[{"@type":"WebPage","@id":"https:\/\/rj-experience.com\/index.php\/les-meilleurs-prompts-pour-gagner-2h-par-jour\/","url":"https:\/\/rj-experience.com\/index.php\/les-meilleurs-prompts-pour-gagner-2h-par-jour\/","name":"Les meilleurs \"prompts\" pour gagner 2h par jour - RJ Exp\u00e9rience","isPartOf":{"@id":"https:\/\/rj-experience.com\/#website"},"datePublished":"2025-12-31T22:13:24+00:00","dateModified":"2026-01-12T16:13:45+00:00","breadcrumb":{"@id":"https:\/\/rj-experience.com\/index.php\/les-meilleurs-prompts-pour-gagner-2h-par-jour\/#breadcrumb"},"inLanguage":"en-US","potentialAction":[{"@type":"ReadAction","target":["https:\/\/rj-experience.com\/index.php\/les-meilleurs-prompts-pour-gagner-2h-par-jour\/"]}]},{"@type":"BreadcrumbList","@id":"https:\/\/rj-experience.com\/index.php\/les-meilleurs-prompts-pour-gagner-2h-par-jour\/#breadcrumb","itemListElement":[{"@type":"ListItem","position":1,"name":"Home","item":"https:\/\/rj-experience.com\/"},{"@type":"ListItem","position":2,"name":"Les meilleurs &#8220;prompts&#8221; pour gagner 2h par jour"}]},{"@type":"WebSite","@id":"https:\/\/rj-experience.com\/#website","url":"https:\/\/rj-experience.com\/","name":"RJ Exp\u00e9rience","description":"","publisher":{"@id":"https:\/\/rj-experience.com\/#organization"},"potentialAction":[{"@type":"SearchAction","target":{"@type":"EntryPoint","urlTemplate":"https:\/\/rj-experience.com\/?s={search_term_string}"},"query-input":{"@type":"PropertyValueSpecification","valueRequired":true,"valueName":"search_term_string"}}],"inLanguage":"en-US"},{"@type":"Organization","@id":"https:\/\/rj-experience.com\/#organization","name":"RJ Exp\u00e9rience","url":"https:\/\/rj-experience.com\/","logo":{"@type":"ImageObject","inLanguage":"en-US","@id":"https:\/\/rj-experience.com\/#\/schema\/logo\/image\/","url":"https:\/\/rj-experience.com\/wp-content\/uploads\/2025\/10\/cropped-ChatGPT-Image-28-oct.-2025-18_28_26.png","contentUrl":"https:\/\/rj-experience.com\/wp-content\/uploads\/2025\/10\/cropped-ChatGPT-Image-28-oct.-2025-18_28_26.png","width":512,"height":512,"caption":"RJ Exp\u00e9rience"},"image":{"@id":"https:\/\/rj-experience.com\/#\/schema\/logo\/image\/"}}]}},"_links":{"self":[{"href":"https:\/\/rj-experience.com\/index.php\/wp-json\/wp\/v2\/pages\/1722","targetHints":{"allow":["GET"]}}],"collection":[{"href":"https:\/\/rj-experience.com\/index.php\/wp-json\/wp\/v2\/pages"}],"about":[{"href":"https:\/\/rj-experience.com\/index.php\/wp-json\/wp\/v2\/types\/page"}],"author":[{"embeddable":true,"href":"https:\/\/rj-experience.com\/index.php\/wp-json\/wp\/v2\/users\/1"}],"replies":[{"embeddable":true,"href":"https:\/\/rj-experience.com\/index.php\/wp-json\/wp\/v2\/comments?post=1722"}],"version-history":[{"count":4,"href":"https:\/\/rj-experience.com\/index.php\/wp-json\/wp\/v2\/pages\/1722\/revisions"}],"predecessor-version":[{"id":1773,"href":"https:\/\/rj-experience.com\/index.php\/wp-json\/wp\/v2\/pages\/1722\/revisions\/1773"}],"wp:attachment":[{"href":"https:\/\/rj-experience.com\/index.php\/wp-json\/wp\/v2\/media?parent=1722"}],"curies":[{"name":"wp","href":"https:\/\/api.w.org\/{rel}","templated":true}]}}